CRAN Package Check Results for Package tidyindex

Last updated on 2024-06-13 15:48:41 CEST.

Flavor Version Tinstall Tcheck Ttotal Status Flags
r-devel-linux-x86_64-debian-clang 0.1.0 11.79 103.14 114.93 OK
r-devel-linux-x86_64-debian-gcc 0.1.0 0.50 1.71 2.21 ERROR
r-devel-linux-x86_64-fedora-clang 0.1.0 144.70 NOTE
r-devel-linux-x86_64-fedora-gcc 0.1.0 147.74 NOTE
r-devel-windows-x86_64 0.1.0 9.00 93.00 102.00 OK
r-patched-linux-x86_64 0.1.0 8.01 101.00 109.01 OK
r-release-linux-x86_64 0.1.0 6.54 100.35 106.89 OK
r-release-macos-arm64 0.1.0 47.00 OK
r-release-macos-x86_64 0.1.0 73.00 OK
r-release-windows-x86_64 0.1.0 12.00 98.00 110.00 OK
r-oldrel-macos-arm64 0.1.0 53.00 OK
r-oldrel-macos-x86_64 0.1.0 141.00 OK
r-oldrel-windows-x86_64 0.1.0 13.00 110.00 123.00 OK

Check Details

Version: 0.1.0
Check: package dependencies
Result: ERROR Packages required but not available: 'dplyr', 'ggplot2', 'purrr', 'tidyr', 'tidyselect', 'tsibble', 'vctrs' Packages suggested but not available for checking: 'lubridate', 'slider', 'SPEI', 'testthat' See section ‘The DESCRIPTION file’ in the ‘Writing R Extensions’ manual. Flavor: r-devel-linux-x86_64-debian-gcc

Version: 0.1.0
Check: data for non-ASCII characters
Result: NOTE Note: found 4 marked UTF-8 strings Flavors: r-devel-linux-x86_64-fedora-clang, r-devel-linux-x86_64-fedora-gcc