CRAN Package Check Results for Package tidyfst

Last updated on 2020-09-28 03:47:57 CEST.

Flavor Version Tinstall Tcheck Ttotal Status Flags
r-devel-linux-x86_64-debian-clang 0.9.9 5.99 108.34 114.33 OK
r-devel-linux-x86_64-debian-gcc 0.9.9 4.51 76.60 81.11 OK
r-devel-linux-x86_64-fedora-clang 0.9.9 134.74 NOTE
r-devel-linux-x86_64-fedora-gcc 0.9.9 120.15 OK
r-devel-windows-ix86+x86_64 0.9.9 12.00 127.00 139.00 OK
r-patched-linux-x86_64 0.9.9 4.88 96.61 101.49 OK
r-patched-solaris-x86 0.9.9 152.20 OK
r-release-linux-x86_64 0.9.9 5.30 96.04 101.34 OK
r-release-macos-x86_64 0.9.9 OK
r-release-windows-ix86+x86_64 0.9.9 17.00 130.00 147.00 OK
r-oldrel-macos-x86_64 0.9.9 ERROR
r-oldrel-windows-ix86+x86_64 0.9.9 9.00 124.00 133.00 OK

Check Details

Version: 0.9.9
Check: Rd cross-references
Result: NOTE
    Undeclared packages ‘fastDummies’, ‘sjmisc’ in Rd xrefs
Flavor: r-devel-linux-x86_64-fedora-clang

Version: 0.9.9
Check: package dependencies
Result: ERROR
    Package required and available but unsuitable version: ‘data.table’
    
    See section ‘The DESCRIPTION file’ in the ‘Writing R Extensions’
    manual.
Flavor: r-oldrel-macos-x86_64