CRAN Package Check Results for Package tidycat

Last updated on 2022-10-04 03:56:56 CEST.

Flavor Version Tinstall Tcheck Ttotal Status Flags
r-devel-linux-x86_64-debian-clang 0.1.2 2.46 44.16 46.62 OK
r-devel-linux-x86_64-debian-gcc 0.1.2 1.82 32.69 34.51 OK
r-devel-linux-x86_64-fedora-clang 0.1.2 73.16 NOTE
r-devel-linux-x86_64-fedora-gcc 0.1.2 67.82 NOTE
r-devel-windows-x86_64 0.1.2 8.00 73.00 81.00 OK
r-patched-linux-x86_64 0.1.2 2.21 41.35 43.56 OK
r-release-linux-x86_64 0.1.2 2.40 40.51 42.91 OK
r-release-macos-arm64 0.1.2 24.00 NOTE
r-release-macos-x86_64 0.1.2 43.00 NOTE
r-release-windows-x86_64 0.1.2 9.00 73.00 82.00 OK
r-oldrel-macos-arm64 0.1.2 38.00 NOTE
r-oldrel-macos-x86_64 0.1.2 33.00 NOTE
r-oldrel-windows-ix86+x86_64 0.1.2 6.00 67.00 73.00 OK

Check Details

Version: 0.1.2
Check: dependencies in R code
Result: NOTE
    Namespace in Imports field not imported from: ‘tidyr’
     All declared Imports should be used.
Flavors: r-devel-linux-x86_64-fedora-clang, r-devel-linux-x86_64-fedora-gcc, r-release-macos-arm64, r-release-macos-x86_64, r-oldrel-macos-arm64, r-oldrel-macos-x86_64