CRAN Package Check Results for Package tidybins

Last updated on 2022-08-12 03:53:40 CEST.

Flavor Version Tinstall Tcheck Ttotal Status Flags
r-devel-linux-x86_64-debian-clang 0.1.0 3.04 42.73 45.77 OK
r-devel-linux-x86_64-debian-gcc 0.1.0 2.43 33.48 35.91 OK
r-devel-linux-x86_64-fedora-clang 0.1.0 65.70 NOTE
r-devel-linux-x86_64-fedora-gcc 0.1.0 65.16 NOTE
r-devel-windows-x86_64 0.1.0 11.00 80.00 91.00 OK
r-patched-linux-x86_64 0.1.0 2.58 40.85 43.43 OK
r-release-linux-x86_64 0.1.0 2.38 40.87 43.25 OK
r-release-macos-arm64 0.1.0 22.00 NOTE
r-release-macos-x86_64 0.1.0 36.00 NOTE
r-release-windows-x86_64 0.1.0 15.00 78.00 93.00 OK
r-oldrel-macos-arm64 0.1.0 26.00 NOTE
r-oldrel-macos-x86_64 0.1.0 32.00 NOTE
r-oldrel-windows-ix86+x86_64 0.1.0 9.00 66.00 75.00 OK

Check Details

Version: 0.1.0
Check: dependencies in R code
Result: NOTE
    Namespaces in Imports field not imported from:
     ‘badger’ ‘ggplot2’ ‘lubridate’ ‘scales’ ‘xgboost’
     All declared Imports should be used.
Flavors: r-devel-linux-x86_64-fedora-clang, r-devel-linux-x86_64-fedora-gcc, r-release-macos-arm64, r-release-macos-x86_64, r-oldrel-macos-arm64, r-oldrel-macos-x86_64