CRAN Package Check Results for Package tidybayes

Last updated on 2020-11-30 03:47:55 CET.

Flavor Version Tinstall Tcheck Ttotal Status Flags
r-devel-linux-x86_64-debian-clang 2.3.1 13.17 185.23 198.40 OK
r-devel-linux-x86_64-debian-gcc 2.3.1 8.62 141.79 150.41 OK
r-devel-linux-x86_64-fedora-clang 2.3.1 227.50 OK
r-devel-linux-x86_64-fedora-gcc 2.3.1 237.46 OK
r-devel-windows-ix86+x86_64 2.3.1 20.00 223.00 243.00 OK
r-patched-linux-x86_64 2.3.1 9.81 185.17 194.98 OK
r-patched-solaris-x86 2.3.1 306.30 NOTE
r-release-linux-x86_64 2.3.1 9.08 186.79 195.87 OK
r-release-macos-x86_64 2.3.1 OK
r-release-windows-ix86+x86_64 2.3.1 15.00 172.00 187.00 OK
r-oldrel-macos-x86_64 2.3.1 OK
r-oldrel-windows-ix86+x86_64 2.3.1 14.00 196.00 210.00 OK

Check Details

Version: 2.3.1
Check: package dependencies
Result: NOTE
    Package suggested but not available for checking: ‘gifski’
Flavor: r-patched-solaris-x86

Version: 2.3.1
Check: installed package size
Result: NOTE
     installed size is 5.2Mb
     sub-directories of 1Mb or more:
     doc 4.5Mb
Flavor: r-patched-solaris-x86