Last updated on 2023-01-29 03:55:28 CET.
Flavor | Version | Tinstall | Tcheck | Ttotal | Status | Flags |
---|---|---|---|---|---|---|
r-devel-linux-x86_64-debian-clang | 0.1.0 | 40.74 | 219.81 | 260.55 | OK | |
r-devel-linux-x86_64-debian-gcc | 0.1.0 | 37.30 | 163.94 | 201.24 | OK | |
r-devel-linux-x86_64-fedora-clang | 0.1.0 | 331.71 | NOTE | |||
r-devel-linux-x86_64-fedora-gcc | 0.1.0 | 329.87 | OK | |||
r-patched-linux-x86_64 | 0.1.0 | 31.90 | 216.58 | 248.48 | OK | |
r-release-linux-x86_64 | 0.1.0 | 28.97 | 213.40 | 242.37 | OK | |
r-release-macos-arm64 | 0.1.0 | 84.00 | OK | |||
r-release-macos-x86_64 | 0.1.0 | 122.00 | OK | |||
r-release-windows-x86_64 | 0.1.0 | 118.00 | 251.00 | 369.00 | OK | |
r-oldrel-macos-arm64 | 0.1.0 | 77.00 | OK | |||
r-oldrel-macos-x86_64 | 0.1.0 | 119.00 | OK | |||
r-oldrel-windows-ix86+x86_64 | 0.1.0 | 84.00 | 259.00 | 343.00 | OK |
Version: 0.1.0
Check: package dependencies
Result: NOTE
Imports includes 25 non-default packages.
Importing from so many packages makes the package vulnerable to any of
them becoming unavailable. Move as many as possible to Suggests and
use conditionally.
Flavor: r-devel-linux-x86_64-fedora-clang