CRAN Package Check Results for Package tictoc

Last updated on 2024-06-14 03:57:39 CEST.

Flavor Version Tinstall Tcheck Ttotal Status Flags
r-devel-linux-x86_64-debian-clang 1.2.1 2.43 26.94 29.37 OK
r-devel-linux-x86_64-debian-gcc 1.2.1 1.71 19.90 21.61 ERROR
r-devel-linux-x86_64-fedora-clang 1.2.1 36.59 OK
r-devel-linux-x86_64-fedora-gcc 1.2.1 35.26 OK
r-devel-windows-x86_64 1.2.1 3.00 66.00 69.00 OK
r-patched-linux-x86_64 1.2.1 2.58 26.09 28.67 OK
r-release-linux-x86_64 1.2.1 2.10 25.55 27.65 OK
r-release-macos-arm64 1.2.1 40.00 OK
r-release-macos-x86_64 1.2.1 46.00 OK
r-release-windows-x86_64 1.2.1 3.00 68.00 71.00 OK
r-oldrel-macos-arm64 1.2.1 60.00 OK
r-oldrel-macos-x86_64 1.2.1 84.00 OK
r-oldrel-windows-x86_64 1.2.1 4.00 69.00 73.00 OK

Check Details

Version: 1.2.1
Check: package dependencies
Result: NOTE Package suggested but not available for checking: ‘testthat’ Flavor: r-devel-linux-x86_64-debian-gcc

Version: 1.2.1
Check: tests
Result: ERROR Running ‘testthat.R’ [0s/1s] Running the tests in ‘tests/testthat.R’ failed. Complete output: > # This file is part of the standard setup for testthat. > # It is recommended that you do not modify it. > # > # Where should you do additional test configuration? > # Learn more about the roles of various files in: > # * https://r-pkgs.org/tests.html > # * https://testthat.r-lib.org/reference/test_package.html#special-files > > library(testthat) Error in library(testthat) : there is no package called 'testthat' Execution halted Flavor: r-devel-linux-x86_64-debian-gcc