CRAN Package Check Results for Package tictactoe

Last updated on 2022-09-24 15:55:33 CEST.

Flavor Version Tinstall Tcheck Ttotal Status Flags
r-devel-linux-x86_64-debian-clang 0.2.2 3.39 38.96 42.35 NOTE
r-devel-linux-x86_64-debian-gcc 0.2.2 2.20 30.27 32.47 NOTE
r-devel-linux-x86_64-fedora-clang 0.2.2 60.41 NOTE
r-devel-linux-x86_64-fedora-gcc 0.2.2 59.86 NOTE
r-devel-windows-x86_64 0.2.2 22.00 66.00 88.00 NOTE
r-patched-linux-x86_64 0.2.2 2.59 37.02 39.61 NOTE
r-release-linux-x86_64 0.2.2 2.19 36.42 38.61 NOTE
r-release-macos-arm64 0.2.2 18.00 NOTE
r-release-macos-x86_64 0.2.2 27.00 NOTE
r-release-windows-x86_64 0.2.2 25.00 62.00 87.00 NOTE
r-oldrel-macos-arm64 0.2.2 22.00 NOTE
r-oldrel-macos-x86_64 0.2.2 33.00 NOTE
r-oldrel-windows-ix86+x86_64 0.2.2 6.00 63.00 69.00 NOTE

Check Details

Version: 0.2.2
Check: LazyData
Result: NOTE
     'LazyData' is specified without a 'data' directory
Flavors: r-devel-linux-x86_64-debian-clang, r-devel-linux-x86_64-debian-gcc, r-devel-linux-x86_64-fedora-clang, r-devel-linux-x86_64-fedora-gcc, r-devel-windows-x86_64, r-patched-linux-x86_64, r-release-linux-x86_64, r-release-macos-arm64, r-release-macos-x86_64, r-release-windows-x86_64, r-oldrel-macos-arm64, r-oldrel-macos-x86_64, r-oldrel-windows-ix86+x86_64