Last updated on 2023-09-28 15:58:36 CEST.
Flavor | Version | Tinstall | Tcheck | Ttotal | Status | Flags |
---|---|---|---|---|---|---|
r-devel-linux-x86_64-debian-clang | 0.2.2 | 3.32 | 38.73 | 42.05 | NOTE | |
r-devel-linux-x86_64-debian-gcc | 0.2.2 | 2.54 | 29.85 | 32.39 | NOTE | |
r-devel-linux-x86_64-fedora-clang | 0.2.2 | 51.26 | NOTE | |||
r-devel-linux-x86_64-fedora-gcc | 0.2.2 | 50.08 | NOTE | |||
r-devel-windows-x86_64 | 0.2.2 | 4.00 | 50.00 | 54.00 | NOTE | |
r-patched-linux-x86_64 | 0.2.2 | 3.63 | 37.85 | 41.48 | NOTE | |
r-release-linux-x86_64 | 0.2.2 | 2.31 | 37.87 | 40.18 | NOTE | |
r-release-macos-arm64 | 0.2.2 | 23.00 | NOTE | |||
r-release-macos-x86_64 | 0.2.2 | 28.00 | NOTE | |||
r-release-windows-x86_64 | 0.2.2 | 4.00 | 91.00 | 95.00 | NOTE | |
r-oldrel-macos-arm64 | 0.2.2 | 20.00 | NOTE | |||
r-oldrel-macos-x86_64 | 0.2.2 | 27.00 | NOTE | |||
r-oldrel-windows-x86_64 | 0.2.2 | 6.00 | 55.00 | 61.00 | NOTE |
Version: 0.2.2
Check: LazyData
Result: NOTE
'LazyData' is specified without a 'data' directory
Flavors: r-devel-linux-x86_64-debian-clang, r-devel-linux-x86_64-debian-gcc, r-devel-linux-x86_64-fedora-clang, r-devel-linux-x86_64-fedora-gcc, r-devel-windows-x86_64, r-patched-linux-x86_64, r-release-linux-x86_64, r-release-macos-arm64, r-release-macos-x86_64, r-release-windows-x86_64, r-oldrel-macos-arm64, r-oldrel-macos-x86_64, r-oldrel-windows-x86_64