CRAN Package Check Results for Package threesixtygiving

Last updated on 2024-06-13 15:48:41 CEST.

Flavor Version Tinstall Tcheck Ttotal Status Flags
r-devel-linux-x86_64-debian-clang 0.2.2 8.90 70.47 79.37 NOTE
r-devel-linux-x86_64-debian-gcc 0.2.2 0.40 1.84 2.24 ERROR
r-devel-linux-x86_64-fedora-clang 0.2.2 99.48 NOTE
r-devel-linux-x86_64-fedora-gcc 0.2.2 107.36 NOTE
r-devel-windows-x86_64 0.2.2 8.00 72.00 80.00 NOTE
r-patched-linux-x86_64 0.2.2 9.27 64.79 74.06 NOTE
r-release-linux-x86_64 0.2.2 5.35 66.01 71.36 NOTE
r-release-macos-arm64 0.2.2 35.00 NOTE
r-release-macos-x86_64 0.2.2 53.00 NOTE
r-release-windows-x86_64 0.2.2 9.00 73.00 82.00 NOTE
r-oldrel-macos-arm64 0.2.2 37.00 NOTE
r-oldrel-macos-x86_64 0.2.2 58.00 NOTE
r-oldrel-windows-x86_64 0.2.2 11.00 81.00 92.00 NOTE

Check Details

Version: 0.2.2
Check: LazyData
Result: NOTE 'LazyData' is specified without a 'data' directory Flavors: r-devel-linux-x86_64-debian-clang, r-devel-linux-x86_64-fedora-clang, r-devel-linux-x86_64-fedora-gcc, r-devel-windows-x86_64, r-patched-linux-x86_64, r-release-linux-x86_64, r-release-macos-arm64, r-release-macos-x86_64, r-release-windows-x86_64, r-oldrel-macos-arm64, r-oldrel-macos-x86_64, r-oldrel-windows-x86_64

Version: 0.2.2
Check: package dependencies
Result: ERROR Packages required but not available: 'dplyr', 'readxl', 'readr', 'purrr', 'janitor', 'tidyr', 'tidyselect', 'tibble' Packages suggested but not available for checking: 'testthat', 'ggplot2', 'ggrepel', 'fixerapi' See section ‘The DESCRIPTION file’ in the ‘Writing R Extensions’ manual. Flavor: r-devel-linux-x86_64-debian-gcc