CRAN Package Check Results for Package threesixtygiving

Last updated on 2022-06-25 15:51:35 CEST.

Flavor Version Tinstall Tcheck Ttotal Status Flags
r-devel-linux-x86_64-debian-clang 0.2.2 9.14 72.20 81.34 NOTE
r-devel-linux-x86_64-debian-gcc 0.2.2 6.58 54.76 61.34 NOTE
r-devel-linux-x86_64-fedora-clang 0.2.2 105.50 NOTE
r-devel-linux-x86_64-fedora-gcc 0.2.2 103.04 NOTE
r-devel-windows-x86_64 0.2.2 59.00 98.00 157.00 NOTE
r-patched-linux-x86_64 0.2.2 8.88 67.51 76.39 NOTE
r-release-linux-x86_64 0.2.2 6.02 68.69 74.71 NOTE
r-release-macos-arm64 0.2.2 31.00 NOTE
r-release-macos-x86_64 0.2.2 53.00 NOTE
r-release-windows-x86_64 0.2.2 61.00 100.00 161.00 NOTE
r-oldrel-macos-arm64 0.2.2 35.00 NOTE
r-oldrel-macos-x86_64 0.2.2 56.00 NOTE
r-oldrel-windows-ix86+x86_64 0.2.2 20.00 97.00 117.00 NOTE

Check Details

Version: 0.2.2
Check: LazyData
Result: NOTE
     'LazyData' is specified without a 'data' directory
Flavors: r-devel-linux-x86_64-debian-clang, r-devel-linux-x86_64-debian-gcc, r-devel-linux-x86_64-fedora-clang, r-devel-linux-x86_64-fedora-gcc, r-devel-windows-x86_64, r-patched-linux-x86_64, r-release-linux-x86_64, r-release-macos-arm64, r-release-macos-x86_64, r-release-windows-x86_64, r-oldrel-macos-arm64, r-oldrel-macos-x86_64, r-oldrel-windows-ix86+x86_64