Last updated on 2022-06-27 03:51:26 CEST.
Flavor | Version | Tinstall | Tcheck | Ttotal | Status | Flags |
---|---|---|---|---|---|---|
r-devel-linux-x86_64-debian-clang | 0.15 | 11.67 | 99.42 | 111.09 | NOTE | |
r-devel-linux-x86_64-debian-gcc | 0.15 | 9.55 | 72.43 | 81.98 | NOTE | |
r-devel-linux-x86_64-fedora-clang | 0.15 | 139.06 | NOTE | |||
r-devel-linux-x86_64-fedora-gcc | 0.15 | 137.16 | NOTE | |||
r-devel-windows-x86_64 | 0.15 | 22.00 | 118.00 | 140.00 | NOTE | |
r-patched-linux-x86_64 | 0.15 | 10.39 | 93.75 | 104.14 | NOTE | |
r-release-linux-x86_64 | 0.15 | 9.81 | 94.28 | 104.09 | NOTE | |
r-release-macos-arm64 | 0.15 | 39.00 | NOTE | |||
r-release-macos-x86_64 | 0.15 | 63.00 | NOTE | |||
r-release-windows-x86_64 | 0.15 | 26.00 | 123.00 | 149.00 | NOTE | |
r-oldrel-macos-arm64 | 0.15 | 41.00 | NOTE | |||
r-oldrel-macos-x86_64 | 0.15 | 68.00 | NOTE | |||
r-oldrel-windows-ix86+x86_64 | 0.15 | 29.00 | 121.00 | 150.00 | NOTE |
Version: 0.15
Check: LazyData
Result: NOTE
'LazyData' is specified without a 'data' directory
Flavors: r-devel-linux-x86_64-debian-clang, r-devel-linux-x86_64-debian-gcc, r-devel-linux-x86_64-fedora-clang, r-devel-linux-x86_64-fedora-gcc, r-devel-windows-x86_64, r-patched-linux-x86_64, r-release-linux-x86_64, r-release-macos-arm64, r-release-macos-x86_64, r-release-windows-x86_64, r-oldrel-macos-arm64, r-oldrel-macos-x86_64, r-oldrel-windows-ix86+x86_64
Version: 0.15
Check: dependencies in R code
Result: NOTE
Namespaces in Imports field not imported from:
‘crayon’ ‘purrr’ ‘readr’
All declared Imports should be used.
Flavors: r-devel-linux-x86_64-fedora-clang, r-devel-linux-x86_64-fedora-gcc, r-release-macos-arm64, r-release-macos-x86_64, r-oldrel-macos-arm64, r-oldrel-macos-x86_64