CRAN Package Check Results for Package themis

Last updated on 2024-07-21 15:53:47 CEST.

Flavor Version Tinstall Tcheck Ttotal Status Flags
r-devel-linux-x86_64-debian-clang 1.0.2 17.88 172.67 190.55 OK
r-devel-linux-x86_64-debian-gcc 1.0.2 13.73 127.86 141.59 NOTE
r-devel-linux-x86_64-fedora-clang 1.0.2 244.12 OK
r-devel-linux-x86_64-fedora-gcc 1.0.2 215.56 OK
r-devel-windows-x86_64 1.0.2 15.00 136.00 151.00 NOTE
r-patched-linux-x86_64 1.0.2 20.74 162.91 183.65 OK
r-release-linux-x86_64 1.0.2 9.33 164.71 174.04 OK
r-release-macos-arm64 1.0.2 57.00 OK
r-release-macos-x86_64 1.0.2 97.00 OK
r-release-windows-x86_64 1.0.2 13.00 134.00 147.00 OK
r-oldrel-macos-arm64 1.0.2 70.00 OK
r-oldrel-macos-x86_64 1.0.2 143.00 OK
r-oldrel-windows-x86_64 1.0.2 19.00 165.00 184.00 OK

Check Details

Version: 1.0.2
Check: Rd cross-references
Result: NOTE Found the following Rd file(s) with Rd \link{} targets missing package anchors: step_adasyn.Rd: selections, juice, bake step_bsmote.Rd: selections, juice, bake step_downsample.Rd: selections, juice, bake step_nearmiss.Rd: selections, juice, bake step_rose.Rd: selections, juice, bake step_smote.Rd: selections, juice, bake step_smotenc.Rd: selections, juice, bake step_tomek.Rd: selections, juice, bake step_upsample.Rd: selections, juice, bake Please provide package anchors for all Rd \link{} targets not in the package itself and the base packages. Flavors: r-devel-linux-x86_64-debian-gcc, r-devel-windows-x86_64