Last updated on 2022-06-25 03:51:11 CEST.
Flavor | Version | Tinstall | Tcheck | Ttotal | Status | Flags |
---|---|---|---|---|---|---|
r-devel-linux-x86_64-debian-clang | 0.1.2.1 | 5.23 | 58.11 | 63.34 | OK | |
r-devel-linux-x86_64-debian-gcc | 0.1.2.1 | 4.08 | 43.18 | 47.26 | OK | |
r-devel-linux-x86_64-fedora-clang | 0.1.2.1 | 84.99 | OK | |||
r-devel-linux-x86_64-fedora-gcc | 0.1.2.1 | 86.69 | OK | |||
r-devel-windows-x86_64 | 0.1.2.1 | 404.00 | 87.00 | 491.00 | OK | |
r-patched-linux-x86_64 | 0.1.2.1 | 4.53 | 55.08 | 59.61 | OK | |
r-release-linux-x86_64 | 0.1.2.1 | 4.23 | 55.00 | 59.23 | OK | |
r-release-macos-arm64 | 0.1.2.1 | 33.00 | OK | |||
r-release-macos-x86_64 | 0.1.2.1 | 56.00 | OK | |||
r-release-windows-x86_64 | 0.1.2.1 | 628.00 | 91.00 | 719.00 | OK | |
r-oldrel-macos-arm64 | 0.1.2.1 | 31.00 | NOTE | |||
r-oldrel-macos-x86_64 | 0.1.2.1 | 42.00 | OK | |||
r-oldrel-windows-ix86+x86_64 | 0.1.2.1 | 11.00 | 80.00 | 91.00 | OK |
Version: 0.1.2.1
Check: package dependencies
Result: NOTE
Packages suggested but not available for checking: 'sysfonts', 'showtext'
Flavor: r-oldrel-macos-arm64