CRAN Package Check Results for Package theiaR

Last updated on 2022-10-07 15:53:13 CEST.

Flavor Version Tinstall Tcheck Ttotal Status Flags
r-devel-linux-x86_64-debian-clang 0.4.0 6.38 40.88 47.26 NOTE
r-devel-linux-x86_64-debian-gcc 0.4.0 3.38 30.95 34.33 NOTE
r-devel-linux-x86_64-fedora-clang 0.4.0 68.92 NOTE
r-devel-linux-x86_64-fedora-gcc 0.4.0 68.85 NOTE
r-devel-windows-x86_64 0.4.0 12.00 76.00 88.00 NOTE
r-patched-linux-x86_64 0.4.0 4.90 38.56 43.46 NOTE
r-release-linux-x86_64 0.4.0 4.68 38.85 43.53 NOTE
r-release-macos-arm64 0.4.0 20.00 NOTE
r-release-macos-x86_64 0.4.0 73.00 NOTE
r-release-windows-x86_64 0.4.0 12.00 65.00 77.00 NOTE
r-oldrel-macos-arm64 0.4.0 23.00 NOTE
r-oldrel-macos-x86_64 0.4.0 30.00 NOTE
r-oldrel-windows-ix86+x86_64 0.4.0 11.00 64.00 75.00 NOTE

Check Details

Version: 0.4.0
Check: LazyData
Result: NOTE
     'LazyData' is specified without a 'data' directory
Flavors: r-devel-linux-x86_64-debian-clang, r-devel-linux-x86_64-debian-gcc, r-devel-linux-x86_64-fedora-clang, r-devel-linux-x86_64-fedora-gcc, r-devel-windows-x86_64, r-patched-linux-x86_64, r-release-linux-x86_64, r-release-macos-arm64, r-release-macos-x86_64, r-release-windows-x86_64, r-oldrel-macos-arm64, r-oldrel-macos-x86_64, r-oldrel-windows-ix86+x86_64