CRAN Package Check Results for Package tggd

Last updated on 2021-09-27 03:48:45 CEST.

Flavor Version Tinstall Tcheck Ttotal Status Flags
r-devel-linux-x86_64-debian-clang 0.1.1 2.28 24.07 26.35 NOTE
r-devel-linux-x86_64-debian-gcc 0.1.1 1.70 18.79 20.49 NOTE
r-devel-linux-x86_64-fedora-clang 0.1.1 40.89 NOTE
r-devel-linux-x86_64-fedora-gcc 0.1.1 29.69 NOTE
r-devel-windows-x86_64 0.1.1 3.00 34.00 37.00 NOTE
r-devel-windows-x86_64-gcc10-UCRT 0.1.1 NOTE
r-patched-linux-x86_64 0.1.1 3.35 23.21 26.56 NOTE
r-patched-solaris-x86 0.1.1 48.90 NOTE
r-release-linux-x86_64 0.1.1 2.08 23.02 25.10 NOTE
r-release-macos-arm64 0.1.1 NOTE
r-release-macos-x86_64 0.1.1 NOTE
r-release-windows-ix86+x86_64 0.1.1 5.00 34.00 39.00 NOTE
r-oldrel-macos-x86_64 0.1.1 OK
r-oldrel-windows-ix86+x86_64 0.1.1 4.00 32.00 36.00 OK

Check Details

Version: 0.1.1
Check: LazyData
Result: NOTE
     'LazyData' is specified without a 'data' directory
Flavors: r-devel-linux-x86_64-debian-clang, r-devel-linux-x86_64-debian-gcc, r-devel-linux-x86_64-fedora-clang, r-devel-linux-x86_64-fedora-gcc, r-devel-windows-x86_64, r-devel-windows-x86_64-gcc10-UCRT, r-patched-linux-x86_64, r-patched-solaris-x86, r-release-linux-x86_64, r-release-macos-arm64, r-release-macos-x86_64, r-release-windows-ix86+x86_64