Last updated on 2023-03-26 03:50:27 CEST.
Flavor | Version | Tinstall | Tcheck | Ttotal | Status | Flags |
---|---|---|---|---|---|---|
r-devel-linux-x86_64-debian-clang | 0.5.0 | 3.14 | 31.65 | 34.79 | NOTE | |
r-devel-linux-x86_64-debian-gcc | 0.5.0 | 2.60 | 24.80 | 27.40 | NOTE | |
r-devel-linux-x86_64-fedora-clang | 0.5.0 | 46.47 | NOTE | |||
r-devel-linux-x86_64-fedora-gcc | 0.5.0 | 54.32 | NOTE | |||
r-patched-linux-x86_64 | 0.5.0 | 3.86 | 31.63 | 35.49 | NOTE | |
r-release-linux-x86_64 | 0.5.0 | 3.02 | 31.83 | 34.85 | NOTE | |
r-release-macos-arm64 | 0.5.0 | 22.00 | NOTE | |||
r-release-macos-x86_64 | 0.5.0 | 32.00 | NOTE | |||
r-release-windows-x86_64 | 0.5.0 | 43.00 | 65.00 | 108.00 | NOTE | |
r-oldrel-macos-arm64 | 0.5.0 | 27.00 | NOTE | |||
r-oldrel-macos-x86_64 | 0.5.0 | 60.00 | NOTE | |||
r-oldrel-windows-ix86+x86_64 | 0.5.0 | 8.00 | 61.00 | 69.00 | NOTE |
Version: 0.5.0
Check: LazyData
Result: NOTE
'LazyData' is specified without a 'data' directory
Flavors: r-devel-linux-x86_64-debian-clang, r-devel-linux-x86_64-debian-gcc, r-devel-linux-x86_64-fedora-clang, r-devel-linux-x86_64-fedora-gcc, r-patched-linux-x86_64, r-release-linux-x86_64, r-release-macos-arm64, r-release-macos-x86_64, r-release-windows-x86_64, r-oldrel-macos-arm64, r-oldrel-macos-x86_64, r-oldrel-windows-ix86+x86_64