CRAN Package Check Results for Package textreuse

Last updated on 2022-10-02 15:54:39 CEST.

Flavor Version Tinstall Tcheck Ttotal Status Flags
r-devel-linux-x86_64-debian-clang 0.1.5 45.28 64.79 110.07 NOTE
r-devel-linux-x86_64-debian-gcc 0.1.5 31.85 48.98 80.83 NOTE
r-devel-linux-x86_64-fedora-clang 0.1.5 174.21 NOTE
r-devel-linux-x86_64-fedora-gcc 0.1.5 141.33 NOTE
r-devel-windows-x86_64 0.1.5 78.00 130.00 208.00 NOTE
r-patched-linux-x86_64 0.1.5 36.21 60.85 97.06 NOTE
r-release-linux-x86_64 0.1.5 25.61 60.85 86.46 NOTE
r-release-macos-arm64 0.1.5 46.00 NOTE
r-release-macos-x86_64 0.1.5 73.00 NOTE
r-release-windows-x86_64 0.1.5 63.00 132.00 195.00 NOTE
r-oldrel-macos-arm64 0.1.5 49.00 NOTE
r-oldrel-macos-x86_64 0.1.5 80.00 NOTE
r-oldrel-windows-ix86+x86_64 0.1.5 106.00 130.00 236.00 NOTE

Check Details

Version: 0.1.5
Check: LazyData
Result: NOTE
     'LazyData' is specified without a 'data' directory
Flavors: r-devel-linux-x86_64-debian-clang, r-devel-linux-x86_64-debian-gcc, r-devel-linux-x86_64-fedora-clang, r-devel-linux-x86_64-fedora-gcc, r-devel-windows-x86_64, r-patched-linux-x86_64, r-release-linux-x86_64, r-release-macos-arm64, r-release-macos-x86_64, r-release-windows-x86_64, r-oldrel-macos-arm64, r-oldrel-macos-x86_64, r-oldrel-windows-ix86+x86_64

Version: 0.1.5
Check: Rd cross-references
Result: NOTE
    Undeclared package ‘tm’ in Rd xrefs
Flavor: r-devel-linux-x86_64-fedora-clang

Version: 0.1.5
Check: installed package size
Result: NOTE
     installed size is 5.3Mb
     sub-directories of 1Mb or more:
     extdata 2.9Mb
     libs 2.1Mb
Flavor: r-oldrel-windows-ix86+x86_64