CRAN Package Check Results for Package textreuse

Last updated on 2020-09-28 03:47:57 CEST.

Flavor Version Tinstall Tcheck Ttotal Status Flags
r-devel-linux-x86_64-debian-clang 0.1.5 44.47 57.63 102.10 OK
r-devel-linux-x86_64-debian-gcc 0.1.5 29.64 44.98 74.62 OK
r-devel-linux-x86_64-fedora-clang 0.1.5 148.34 NOTE
r-devel-linux-x86_64-fedora-gcc 0.1.5 126.46 OK
r-devel-windows-ix86+x86_64 0.1.5 103.00 120.00 223.00 NOTE
r-patched-linux-x86_64 0.1.5 30.80 55.04 85.84 OK
r-patched-solaris-x86 0.1.5 145.60 OK
r-release-linux-x86_64 0.1.5 31.58 54.97 86.55 OK
r-release-macos-x86_64 0.1.5 OK
r-release-windows-ix86+x86_64 0.1.5 100.00 115.00 215.00 NOTE
r-oldrel-macos-x86_64 0.1.5 OK
r-oldrel-windows-ix86+x86_64 0.1.5 95.00 114.00 209.00 OK

Check Details

Version: 0.1.5
Check: Rd cross-references
Result: NOTE
    Undeclared package ‘tm’ in Rd xrefs
Flavor: r-devel-linux-x86_64-fedora-clang

Version: 0.1.5
Check: installed package size
Result: NOTE
     installed size is 5.3Mb
     sub-directories of 1Mb or more:
     extdata 2.9Mb
     libs 2.1Mb
Flavors: r-devel-windows-ix86+x86_64, r-release-windows-ix86+x86_64