CRAN Package Check Results for Package textfeatures

Last updated on 2023-01-29 03:55:28 CET.

Flavor Version Tinstall Tcheck Ttotal Status Flags
r-devel-linux-x86_64-debian-clang 0.3.3 11.04 49.26 60.30 NOTE
r-devel-linux-x86_64-debian-gcc 0.3.3 10.23 37.30 47.53 NOTE
r-devel-linux-x86_64-fedora-clang 0.3.3 77.60 NOTE
r-devel-linux-x86_64-fedora-gcc 0.3.3 77.77 NOTE
r-patched-linux-x86_64 0.3.3 12.56 48.08 60.64 NOTE
r-release-linux-x86_64 0.3.3 10.18 47.55 57.73 NOTE
r-release-macos-arm64 0.3.3 30.00 NOTE
r-release-macos-x86_64 0.3.3 50.00 NOTE
r-release-windows-x86_64 0.3.3 37.00 74.00 111.00 NOTE
r-oldrel-macos-arm64 0.3.3 34.00 NOTE
r-oldrel-macos-x86_64 0.3.3 57.00 NOTE
r-oldrel-windows-ix86+x86_64 0.3.3 23.00 71.00 94.00 NOTE

Check Details

Version: 0.3.3
Check: LazyData
Result: NOTE
     'LazyData' is specified without a 'data' directory
Flavors: r-devel-linux-x86_64-debian-clang, r-devel-linux-x86_64-debian-gcc, r-devel-linux-x86_64-fedora-clang, r-devel-linux-x86_64-fedora-gcc, r-patched-linux-x86_64, r-release-linux-x86_64, r-release-macos-arm64, r-release-macos-x86_64, r-release-windows-x86_64, r-oldrel-macos-arm64, r-oldrel-macos-x86_64, r-oldrel-windows-ix86+x86_64