CRAN Package Check Results for Package textTinyR

Last updated on 2022-09-25 15:56:56 CEST.

Flavor Version Tinstall Tcheck Ttotal Status Flags
r-devel-linux-x86_64-debian-clang 1.1.7 138.76 155.86 294.62 OK
r-devel-linux-x86_64-debian-gcc 1.1.7 120.07 125.84 245.91 OK
r-devel-linux-x86_64-fedora-clang 1.1.7 407.65 OK
r-devel-linux-x86_64-fedora-gcc 1.1.7 394.74 OK
r-devel-windows-x86_64 1.1.7 155.00 199.00 354.00 OK
r-patched-linux-x86_64 1.1.7 110.21 150.38 260.59 OK
r-release-linux-x86_64 1.1.7 117.75 148.65 266.40 OK
r-release-macos-arm64 1.1.7 121.00 NOTE
r-release-macos-x86_64 1.1.7 131.00 NOTE
r-release-windows-x86_64 1.1.7 145.00 193.00 338.00 OK
r-oldrel-macos-arm64 1.1.7 104.00 NOTE
r-oldrel-macos-x86_64 1.1.7 132.00 NOTE
r-oldrel-windows-ix86+x86_64 1.1.7 290.00 238.00 528.00 NOTE

Check Details

Version: 1.1.7
Check: installed package size
Result: NOTE
     installed size is 15.2Mb
     sub-directories of 1Mb or more:
     libs 13.6Mb
Flavors: r-release-macos-arm64, r-release-macos-x86_64, r-oldrel-macos-arm64, r-oldrel-macos-x86_64, r-oldrel-windows-ix86+x86_64