CRAN Package Check Results for Package text2vec

Last updated on 2022-12-02 04:00:25 CET.

Flavor Version Tinstall Tcheck Ttotal Status Flags
r-devel-linux-x86_64-debian-clang 0.6.2 77.26 321.22 398.48 ERROR
r-devel-linux-x86_64-debian-gcc 0.6.3 61.71 260.52 322.23 OK
r-devel-linux-x86_64-fedora-clang 0.6.3 518.94 NOTE
r-devel-linux-x86_64-fedora-gcc 0.6.3 518.24 OK
r-devel-windows-x86_64 0.6.2 84.00 398.00 482.00 ERROR
r-patched-linux-x86_64 0.6.2 71.20 297.98 369.18 ERROR
r-release-linux-x86_64 0.6.3 66.12 306.02 372.14 OK
r-release-macos-arm64 0.6.3 122.00 NOTE
r-release-macos-x86_64 0.6.2 160.00 NOTE
r-release-windows-x86_64 0.6.3 74.00 282.00 356.00 NOTE
r-oldrel-macos-arm64 0.6.2 121.00 NOTE
r-oldrel-macos-x86_64 0.6.2 162.00 NOTE
r-oldrel-windows-ix86+x86_64 0.6.3 152.00 460.00 612.00 NOTE

Check Details

Version: 0.6.2
Check: tests
Result: ERROR
     Running 'testthat.R' [114s/137s]
    Running the tests in 'tests/testthat.R' failed.
    Complete output:
     > Sys.setenv("R_TESTS" = "")
     > library(testthat)
     > library(text2vec)
     > library(mlapi)
     > data("movie_review")
     > test_check("text2vec")
     INFO [08:34:26.354] early stopping at 110 iteration
     INFO [08:34:27.052] early stopping at 30 iteration
     INFO [08:36:29.521] soft_als: iter 001, frobenious norm change 350.807 loss NA
     INFO [08:36:29.530] soft_als: iter 002, frobenious norm change 0.290 loss NA
     INFO [08:36:29.538] soft_als: iter 003, frobenious norm change 0.042 loss NA
     INFO [08:36:29.546] soft_als: iter 004, frobenious norm change 0.013 loss NA
     INFO [08:36:29.554] soft_als: iter 005, frobenious norm change 0.006 loss NA
     INFO [08:36:29.562] soft_als: iter 006, frobenious norm change 0.003 loss NA
     INFO [08:36:29.570] soft_als: iter 007, frobenious norm change 0.002 loss NA
     INFO [08:36:29.578] soft_als: iter 008, frobenious norm change 0.001 loss NA
     INFO [08:36:29.587] soft_als: iter 009, frobenious norm change 0.001 loss NA
     INFO [08:36:29.588] soft_impute: converged with tol 0.001000 after 9 iter
     INFO [08:36:29.719] soft_als: iter 001, frobenious norm change 144.766 loss NA
     INFO [08:36:29.801] soft_als: iter 002, frobenious norm change 0.002 loss NA
     INFO [08:36:29.894] soft_als: iter 003, frobenious norm change 0.000 loss NA
     INFO [08:36:29.896] soft_impute: converged with tol 0.001000 after 3 iter
     INFO [08:36:30.027] soft_als: iter 001, frobenious norm change 144.849 loss NA
     INFO [08:36:30.108] soft_als: iter 002, frobenious norm change 0.002 loss NA
     INFO [08:36:30.279] soft_als: iter 003, frobenious norm change 0.000 loss NA
     INFO [08:36:30.280] soft_impute: converged with tol 0.001000 after 3 iter
     INFO [08:36:30.499] soft_als: iter 001, frobenious norm change 504.137 loss NA
     INFO [08:36:30.504] soft_als: iter 002, frobenious norm change 0.345 loss NA
     INFO [08:36:30.515] soft_als: iter 003, frobenious norm change 0.056 loss NA
     INFO [08:36:30.520] soft_als: iter 004, frobenious norm change 0.020 loss NA
     INFO [08:36:30.526] soft_als: iter 005, frobenious norm change 0.009 loss NA
     INFO [08:36:30.531] soft_als: iter 006, frobenious norm change 0.005 loss NA
     INFO [08:36:30.536] soft_als: iter 007, frobenious norm change 0.003 loss NA
     INFO [08:36:30.542] soft_als: iter 008, frobenious norm change 0.002 loss NA
     INFO [08:36:30.547] soft_als: iter 009, frobenious norm change 0.001 loss NA
     INFO [08:36:30.553] soft_als: iter 010, frobenious norm change 0.001 loss NA
     INFO [08:36:30.555] soft_impute: converged with tol 0.001000 after 10 iter
     [ FAIL 3 | WARN 2 | SKIP 0 | PASS 85 ]
    
     == Failed tests ================================================================
     -- Failure ('test-s3-interface.R:34'): S3 tf-idf -------------------------------
     rownames(d2) not equal to `ids`.
     target is NULL, current is character
     -- Failure ('test-s3-interface.R:36'): S3 tf-idf -------------------------------
     dimnames(d2) not equal to dimnames(dtm).
     Component 1: target is NULL, current is character
     Component 2: target is NULL, current is character
     -- Failure ('test-s3-interface.R:44'): S3 bns ----------------------------------
     dimnames(d2) not equal to dimnames(dtm).
     Component 2: target is NULL, current is character
    
     [ FAIL 3 | WARN 2 | SKIP 0 | PASS 85 ]
     Error: Test failures
     Execution halted
Flavor: r-devel-linux-x86_64-debian-clang

Version: 0.6.3
Check: installed package size
Result: NOTE
     installed size is 6.8Mb
     sub-directories of 1Mb or more:
     data 2.7Mb
     doc 3.1Mb
Flavors: r-devel-linux-x86_64-fedora-clang, r-release-macos-arm64, r-release-windows-x86_64, r-oldrel-windows-ix86+x86_64

Version: 0.6.2
Check: installed package size
Result: NOTE
     installed size is 7.5Mb
     sub-directories of 1Mb or more:
     data 2.6Mb
     doc 3.0Mb
     libs 1.2Mb
Flavors: r-devel-windows-x86_64, r-release-macos-x86_64, r-oldrel-macos-arm64, r-oldrel-macos-x86_64

Version: 0.6.2
Check: tests
Result: ERROR
     Running 'testthat.R' [135s]
    Running the tests in 'tests/testthat.R' failed.
    Complete output:
     > Sys.setenv("R_TESTS" = "")
     > library(testthat)
     > library(text2vec)
     > library(mlapi)
     > data("movie_review")
     > test_check("text2vec")
     INFO [22:28:19.712] early stopping at 160 iteration
     INFO [22:28:20.525] early stopping at 30 iteration
     INFO [22:30:22.601] soft_als: iter 001, frobenious norm change 350.807 loss NA
     INFO [22:30:22.608] soft_als: iter 002, frobenious norm change 0.290 loss NA
     INFO [22:30:22.616] soft_als: iter 003, frobenious norm change 0.042 loss NA
     INFO [22:30:22.624] soft_als: iter 004, frobenious norm change 0.013 loss NA
     INFO [22:30:22.631] soft_als: iter 005, frobenious norm change 0.006 loss NA
     INFO [22:30:22.639] soft_als: iter 006, frobenious norm change 0.003 loss NA
     INFO [22:30:22.647] soft_als: iter 007, frobenious norm change 0.002 loss NA
     INFO [22:30:22.654] soft_als: iter 008, frobenious norm change 0.001 loss NA
     INFO [22:30:22.660] soft_als: iter 009, frobenious norm change 0.001 loss NA
     INFO [22:30:22.661] soft_impute: converged with tol 0.001000 after 9 iter
     INFO [22:30:22.771] soft_als: iter 001, frobenious norm change 144.766 loss NA
     INFO [22:30:22.843] soft_als: iter 002, frobenious norm change 0.002 loss NA
     INFO [22:30:22.914] soft_als: iter 003, frobenious norm change 0.000 loss NA
     INFO [22:30:22.916] soft_impute: converged with tol 0.001000 after 3 iter
     INFO [22:30:23.065] soft_als: iter 001, frobenious norm change 144.849 loss NA
     INFO [22:30:23.133] soft_als: iter 002, frobenious norm change 0.002 loss NA
     INFO [22:30:23.200] soft_als: iter 003, frobenious norm change 0.000 loss NA
     INFO [22:30:23.202] soft_impute: converged with tol 0.001000 after 3 iter
     INFO [22:30:23.324] soft_als: iter 001, frobenious norm change 504.137 loss NA
     INFO [22:30:23.327] soft_als: iter 002, frobenious norm change 0.345 loss NA
     INFO [22:30:23.332] soft_als: iter 003, frobenious norm change 0.056 loss NA
     INFO [22:30:23.337] soft_als: iter 004, frobenious norm change 0.020 loss NA
     INFO [22:30:23.343] soft_als: iter 005, frobenious norm change 0.009 loss NA
     INFO [22:30:23.348] soft_als: iter 006, frobenious norm change 0.005 loss NA
     INFO [22:30:23.353] soft_als: iter 007, frobenious norm change 0.003 loss NA
     INFO [22:30:23.359] soft_als: iter 008, frobenious norm change 0.002 loss NA
     INFO [22:30:23.364] soft_als: iter 009, frobenious norm change 0.001 loss NA
     INFO [22:30:23.369] soft_als: iter 010, frobenious norm change 0.001 loss NA
     INFO [22:30:23.371] soft_impute: converged with tol 0.001000 after 10 iter
     [ FAIL 3 | WARN 1 | SKIP 0 | PASS 85 ]
    
     ══ Failed tests ════════════════════════════════════════════════════════════════
     ── Failure ('test-s3-interface.R:34'): S3 tf-idf ───────────────────────────────
     rownames(d2) not equal to `ids`.
     target is NULL, current is character
     ── Failure ('test-s3-interface.R:36'): S3 tf-idf ───────────────────────────────
     dimnames(d2) not equal to dimnames(dtm).
     Component 1: target is NULL, current is character
     Component 2: target is NULL, current is character
     ── Failure ('test-s3-interface.R:44'): S3 bns ──────────────────────────────────
     dimnames(d2) not equal to dimnames(dtm).
     Component 2: target is NULL, current is character
    
     [ FAIL 3 | WARN 1 | SKIP 0 | PASS 85 ]
     Error: Test failures
     Execution halted
Flavor: r-devel-windows-x86_64

Version: 0.6.2
Check: tests
Result: ERROR
     Running ‘testthat.R’ [103s/120s]
    Running the tests in ‘tests/testthat.R’ failed.
    Complete output:
     > Sys.setenv("R_TESTS" = "")
     > library(testthat)
     > library(text2vec)
     > library(mlapi)
     > data("movie_review")
     > test_check("text2vec")
     INFO [11:31:49.893] early stopping at 120 iteration
     INFO [11:31:51.205] early stopping at 40 iteration
     INFO [11:33:36.530] soft_als: iter 001, frobenious norm change 350.850 loss NA
     INFO [11:33:36.537] soft_als: iter 002, frobenious norm change 0.290 loss NA
     INFO [11:33:36.545] soft_als: iter 003, frobenious norm change 0.042 loss NA
     INFO [11:33:36.553] soft_als: iter 004, frobenious norm change 0.013 loss NA
     INFO [11:33:36.561] soft_als: iter 005, frobenious norm change 0.006 loss NA
     INFO [11:33:36.569] soft_als: iter 006, frobenious norm change 0.003 loss NA
     INFO [11:33:36.577] soft_als: iter 007, frobenious norm change 0.002 loss NA
     INFO [11:33:36.585] soft_als: iter 008, frobenious norm change 0.001 loss NA
     INFO [11:33:36.593] soft_als: iter 009, frobenious norm change 0.001 loss NA
     INFO [11:33:36.595] soft_impute: converged with tol 0.001000 after 9 iter
     INFO [11:33:36.702] soft_als: iter 001, frobenious norm change 144.826 loss NA
     INFO [11:33:36.777] soft_als: iter 002, frobenious norm change 0.002 loss NA
     INFO [11:33:36.851] soft_als: iter 003, frobenious norm change 0.000 loss NA
     INFO [11:33:36.852] soft_impute: converged with tol 0.001000 after 3 iter
     INFO [11:33:36.991] soft_als: iter 001, frobenious norm change 144.910 loss NA
     INFO [11:33:37.080] soft_als: iter 002, frobenious norm change 0.002 loss NA
     INFO [11:33:37.173] soft_als: iter 003, frobenious norm change 0.000 loss NA
     INFO [11:33:37.177] soft_impute: converged with tol 0.001000 after 3 iter
     INFO [11:33:37.387] soft_als: iter 001, frobenious norm change 504.432 loss NA
     INFO [11:33:37.393] soft_als: iter 002, frobenious norm change 0.345 loss NA
     INFO [11:33:37.398] soft_als: iter 003, frobenious norm change 0.056 loss NA
     INFO [11:33:37.404] soft_als: iter 004, frobenious norm change 0.020 loss NA
     INFO [11:33:37.409] soft_als: iter 005, frobenious norm change 0.009 loss NA
     INFO [11:33:37.415] soft_als: iter 006, frobenious norm change 0.005 loss NA
     INFO [11:33:37.420] soft_als: iter 007, frobenious norm change 0.003 loss NA
     INFO [11:33:37.426] soft_als: iter 008, frobenious norm change 0.002 loss NA
     INFO [11:33:37.432] soft_als: iter 009, frobenious norm change 0.001 loss NA
     INFO [11:33:37.437] soft_als: iter 010, frobenious norm change 0.001 loss NA
     INFO [11:33:37.439] soft_impute: converged with tol 0.001000 after 10 iter
     [ FAIL 3 | WARN 2 | SKIP 0 | PASS 85 ]
    
     ══ Failed tests ════════════════════════════════════════════════════════════════
     ── Failure ('test-s3-interface.R:34'): S3 tf-idf ───────────────────────────────
     rownames(d2) not equal to `ids`.
     target is NULL, current is character
     ── Failure ('test-s3-interface.R:36'): S3 tf-idf ───────────────────────────────
     dimnames(d2) not equal to dimnames(dtm).
     Component 1: target is NULL, current is character
     Component 2: target is NULL, current is character
     ── Failure ('test-s3-interface.R:44'): S3 bns ──────────────────────────────────
     dimnames(d2) not equal to dimnames(dtm).
     Component 2: target is NULL, current is character
    
     [ FAIL 3 | WARN 2 | SKIP 0 | PASS 85 ]
     Error: Test failures
     Execution halted
Flavor: r-patched-linux-x86_64