Last updated on 2022-07-01 03:54:03 CEST.
Flavor | Version | Tinstall | Tcheck | Ttotal | Status | Flags |
---|---|---|---|---|---|---|
r-devel-linux-x86_64-debian-clang | 1.38.6 | 17.89 | 145.68 | 163.57 | NOTE | |
r-devel-linux-x86_64-debian-gcc | 1.38.6 | 15.32 | 108.93 | 124.25 | NOTE | |
r-devel-linux-x86_64-fedora-clang | 1.38.6 | 217.57 | NOTE | |||
r-devel-linux-x86_64-fedora-gcc | 1.38.6 | 238.47 | NOTE | |||
r-devel-windows-x86_64 | 1.38.6 | 80.00 | 207.00 | 287.00 | NOTE | |
r-patched-linux-x86_64 | 1.38.6 | 20.58 | 140.32 | 160.90 | NOTE | |
r-release-linux-x86_64 | 1.38.6 | 17.84 | 141.00 | 158.84 | NOTE | |
r-release-macos-arm64 | 1.38.6 | 55.00 | NOTE | |||
r-release-macos-x86_64 | 1.38.6 | 81.00 | NOTE | |||
r-release-windows-x86_64 | 1.38.6 | 66.00 | 212.00 | 278.00 | NOTE | |
r-oldrel-macos-arm64 | 1.38.6 | 61.00 | OK | |||
r-oldrel-macos-x86_64 | 1.38.6 | 86.00 | OK | |||
r-oldrel-windows-ix86+x86_64 | 1.38.6 | 32.00 | 172.00 | 204.00 | OK |
Version: 1.38.6
Check: package dependencies
Result: NOTE
Packages which this enhances but not available for checking:
'mnlogit', 'Zelig'
Flavors: r-devel-linux-x86_64-debian-clang, r-devel-linux-x86_64-debian-gcc, r-devel-linux-x86_64-fedora-clang, r-devel-linux-x86_64-fedora-gcc, r-patched-linux-x86_64, r-release-linux-x86_64, r-release-macos-x86_64
Version: 1.38.6
Check: package dependencies
Result: NOTE
Package which this enhances but not available for checking: 'mnlogit'
Flavors: r-devel-windows-x86_64, r-release-macos-arm64, r-release-windows-x86_64