CRAN Package Check Results for Package testcorr

Last updated on 2020-11-28 03:52:50 CET.

Flavor Version Tinstall Tcheck Ttotal Status Flags
r-devel-linux-x86_64-debian-clang 0.1.2 6.63 72.72 79.35 OK
r-devel-linux-x86_64-debian-gcc 0.1.2 5.80 53.37 59.17 OK
r-devel-linux-x86_64-fedora-clang 0.1.2 106.61 NOTE
r-devel-linux-x86_64-fedora-gcc 0.1.2 96.21 NOTE
r-devel-windows-ix86+x86_64 0.1.2 17.00 88.00 105.00 OK
r-patched-linux-x86_64 0.1.2 7.23 68.16 75.39 OK
r-patched-solaris-x86 0.1.2 109.90 OK
r-release-linux-x86_64 0.1.2 6.66 68.71 75.37 OK
r-release-macos-x86_64 0.1.2 OK
r-release-windows-ix86+x86_64 0.1.2 10.00 67.00 77.00 OK
r-oldrel-macos-x86_64 0.1.2 WARN
r-oldrel-windows-ix86+x86_64 0.1.2 10.00 81.00 91.00 OK

Check Details

Version: 0.1.2
Check: for detritus in the temp directory
Result: NOTE
    Found the following files/directories:
     ‘par-7269706c6579’
Flavors: r-devel-linux-x86_64-fedora-clang, r-devel-linux-x86_64-fedora-gcc

Version: 0.1.2
Check: re-building of vignette outputs
Result: WARN
    Error(s) in re-building vignettes:
     ...
    --- re-building ‘testcorr.Rnw’ using Sweave
    Error: processing vignette 'testcorr.Rnw' failed with diagnostics:
    Running 'texi2dvi' on 'testcorr.tex' failed.
    Messages:
    /usr/local/bin/texi2dvi: biber failed
    --- failed re-building ‘testcorr.Rnw’
    
    SUMMARY: processing the following file failed:
     ‘testcorr.Rnw’
    
    Error: Vignette re-building failed.
    Execution halted
Flavor: r-oldrel-macos-x86_64