Last updated on 2022-06-29 15:50:06 CEST.
Flavor | Version | Tinstall | Tcheck | Ttotal | Status | Flags |
---|---|---|---|---|---|---|
r-devel-linux-x86_64-debian-clang | 1.5-34 | 488.44 | 340.56 | 829.00 | OK | |
r-devel-linux-x86_64-debian-gcc | 1.5-34 | 468.73 | 247.89 | 716.62 | OK | |
r-devel-linux-x86_64-fedora-clang | 1.5-34 | 1156.78 | NOTE | |||
r-devel-linux-x86_64-fedora-gcc | 1.5-34 | 1175.12 | OK | |||
r-devel-windows-x86_64 | 1.5-34 | 614.00 | 906.00 | 1520.00 | NOTE | |
r-patched-linux-x86_64 | 1.5-34 | 502.19 | 321.34 | 823.53 | OK | |
r-release-linux-x86_64 | 1.5-34 | 482.87 | 322.30 | 805.17 | OK | |
r-release-macos-arm64 | 1.5-34 | 298.00 | NOTE | |||
r-release-macos-x86_64 | 1.5-34 | 49.00 | ERROR | |||
r-release-windows-x86_64 | 1.5-34 | 626.00 | 879.00 | 1505.00 | NOTE | |
r-oldrel-macos-arm64 | 1.5-34 | 281.00 | NOTE | |||
r-oldrel-macos-x86_64 | 1.5-34 | 45.00 | ERROR | |||
r-oldrel-windows-ix86+x86_64 | 1.5-34 | 1236.00 | 914.00 | 2150.00 | NOTE |
Version: 1.5-34
Check: installed package size
Result: NOTE
installed size is 33.8Mb
sub-directories of 1Mb or more:
R 1.8Mb
libs 30.9Mb
Flavors: r-devel-linux-x86_64-fedora-clang, r-devel-windows-x86_64, r-release-macos-arm64, r-release-windows-x86_64, r-oldrel-macos-arm64, r-oldrel-windows-ix86+x86_64
Version: 1.5-34
Check: whether package can be installed
Result: ERROR
Installation failed.
Flavors: r-release-macos-x86_64, r-oldrel-macos-x86_64