CRAN Package Check Results for Package tergm

Last updated on 2024-07-20 15:48:57 CEST.

Flavor Version Tinstall Tcheck Ttotal Status Flags
r-devel-linux-x86_64-debian-clang 4.2.0 23.76 601.86 625.62 NOTE
r-devel-linux-x86_64-debian-gcc 4.2.0 21.14 432.65 453.79 NOTE
r-devel-linux-x86_64-fedora-clang 4.2.0 763.96 NOTE
r-devel-linux-x86_64-fedora-gcc 4.2.0 768.20 NOTE
r-devel-windows-x86_64 4.2.0 28.00 347.00 375.00 NOTE --no-vignettes
r-patched-linux-x86_64 4.2.0 34.04 588.24 622.28 NOTE
r-release-linux-x86_64 4.2.0 17.81 578.48 596.29 NOTE
r-release-macos-arm64 4.2.0 149.00 NOTE
r-release-macos-x86_64 4.2.0 233.00 NOTE
r-release-windows-x86_64 4.2.0 30.00 300.00 330.00 NOTE --no-vignettes
r-oldrel-macos-arm64 4.2.0 163.00 OK
r-oldrel-macos-x86_64 4.2.0 310.00 OK
r-oldrel-windows-x86_64 4.2.0 35.00 300.00 335.00 OK --no-vignettes

Check Details

Version: 4.2.0
Check: Rd files
Result: NOTE checkRd: (-1) NEWS.Rd:427: Lost braces; missing escapes or markup? 427 | \item Changes to \code{simulate.stergm} parameters: addition of \code{duration.dependent} parameter: {Logical: Whether the model terms in formula or model are duration dependent. E.g., if a duration-dependent term is used in estimation/simulation model, the probability of forming or dissolving a tie may dependent on the age the dyad status. If TRUE, the matrix of tie ages will be allocated.} | ^ checkRd: (-1) discordBDStratTNT-ergmProposal-9267ec8b.Rd:18: Lost braces 18 | code{\link[ergm:blocks-ergmConstraint]{blocks}} constraints and | ^ checkRd: (-1) discordTNT-ergmProposal-bc75dff0.Rd:9: Lost braces 9 | code{discordance_fraction} of proposed toggles being made on the set of discordant dyads, | ^ Flavors: r-devel-linux-x86_64-debian-clang, r-devel-linux-x86_64-debian-gcc, r-devel-linux-x86_64-fedora-clang, r-devel-linux-x86_64-fedora-gcc, r-patched-linux-x86_64, r-release-linux-x86_64, r-release-macos-arm64, r-release-macos-x86_64

Version: 4.2.0
Flags: --no-vignettes
Check: Rd files
Result: NOTE checkRd: (-1) NEWS.Rd:427: Lost braces; missing escapes or markup? 427 | \item Changes to \code{simulate.stergm} parameters: addition of \code{duration.dependent} parameter: {Logical: Whether the model terms in formula or model are duration dependent. E.g., if a duration-dependent term is used in estimation/simulation model, the probability of forming or dissolving a tie may dependent on the age the dyad status. If TRUE, the matrix of tie ages will be allocated.} | ^ checkRd: (-1) discordBDStratTNT-ergmProposal-9267ec8b.Rd:18: Lost braces 18 | code{\link[ergm:blocks-ergmConstraint]{blocks}} constraints and | ^ checkRd: (-1) discordTNT-ergmProposal-bc75dff0.Rd:9: Lost braces 9 | code{discordance_fraction} of proposed toggles being made on the set of discordant dyads, | ^ Flavors: r-devel-windows-x86_64, r-release-windows-x86_64

Version: 4.2.0
Flags: --no-vignettes
Check: Rd cross-references
Result: NOTE Found the following Rd file(s) with Rd \link{} targets missing package anchors: Change-ergmTerm-4236ef3c.Rd: ergm, ergmTerm Cross-ergmTerm-03ab5578.Rd: ergm, ergmTerm Diss-ergmTerm-f48278bd.Rd: ergm, ergmTerm EdgeAges-ergmTerm-dcd27226.Rd: ergmTerm Form-ergmTerm-fa13d505.Rd: ergm, ergmTerm NetSeries.Rd: networkDynamic, ergm-terms Persist-ergmTerm-34b51891.Rd: ergm, ergmTerm control.simulate.stergm.Rd: ergm_proposal_table, term.options, simulate.formula control.simulate.tergm.Rd: ergm_proposal_table, term.options, simulate.formula control.stergm.Rd: control.ergm, ergm, san, control.san, mcmc.diagnostics, term.options, ergm-parallel, ergm-package, set.MT_terms control.tergm.Rd: control.ergm, ergm, san, control.san, mcmc.diagnostics, term.options, ergm-parallel, ergm-package, set.MT_terms control.tergm.godfather.Rd: term.options degrangemeanage-ergmTerm-26c66071.Rd: ergmTerm degreemeanage-ergmTerm-405409f9.Rd: ergmTerm discord-ergmHint-3608365e.Rd: ergmHint discordBDStratTNT-ergmProposal-9267ec8b.Rd: ergmProposal discordTNT-ergmProposal-bc75dff0.Rd: ergmProposal edgeages-ergmTerm-07c50367.Rd: ergmTerm edgecovages-ergmTerm-8222522a.Rd: ergmTerm edgecovmeanage-ergmTerm-46204f5f.Rd: ergmTerm edgesageinterval-ergmTerm-3ea18dd0.Rd: ergmTerm impute.network.list.Rd: network, network.list is.durational.Rd: ergm_model, ergm_state, ergm lasttoggle.Rd: network meanage-ergmTerm-8d81c4e1.Rd: ergmTerm nodefactormeanage-ergmTerm-11ed6b41.Rd: ergmTerm nodemixmeanage-ergmTerm-f93ece12.Rd: ergmTerm simulate.stergm.Rd: network, networkDynamic, ergm, ergmConstraint, ergmlhs simulate.tergm.Rd: networkDynamic, ergmConstraint, ergmlhs, network, net.obs.period, mcmc, mcmc.list, network.list staticDiscordTNT-ergmProposal-b73a241d.Rd: ergmProposal stergm.Rd: network.list, ergm, ergmConstraint, ergmlhs summary_formula.networkDynamic.Rd: networkDynamic, ergm-terms, ergm tergm-package.Rd: ergm-package, ergmTerm tergm.Rd: ergmConstraint, ergmlhs, network.list, ergm, coef.ergm, summary.ergm, mcmc.diagnostics, gof, network, ergmTerm tergm.godfather.Rd: network, networkDynamic, mcmc tergm_MCMC_sample.Rd: network, ergm_model, ergm_proposal Please provide package anchors for all Rd \link{} targets not in the package itself and the base packages. Flavor: r-devel-windows-x86_64