Last updated on 2022-08-14 15:53:28 CEST.
Flavor | Version | Tinstall | Tcheck | Ttotal | Status | Flags |
---|---|---|---|---|---|---|
r-devel-linux-x86_64-debian-clang | 1.0.8 | 240.21 | 109.84 | 350.05 | NOTE | |
r-devel-linux-x86_64-debian-gcc | 1.0.8 | 189.52 | 79.92 | 269.44 | NOTE | |
r-devel-linux-x86_64-fedora-clang | 1.0.8 | 539.76 | NOTE | |||
r-devel-linux-x86_64-fedora-gcc | 1.0.8 | 455.62 | NOTE | |||
r-devel-windows-x86_64 | 1.0.8 | 609.00 | 153.00 | 762.00 | NOTE | |
r-patched-linux-x86_64 | 1.0.8 | 201.15 | 103.96 | 305.11 | NOTE | |
r-release-linux-x86_64 | 1.0.8 | 178.00 | 103.21 | 281.21 | NOTE | |
r-release-macos-arm64 | 1.0.8 | 109.00 | NOTE | |||
r-release-macos-x86_64 | 1.0.8 | 172.00 | NOTE | |||
r-release-windows-x86_64 | 1.0.8 | 533.00 | 186.00 | 719.00 | NOTE | |
r-oldrel-macos-arm64 | 1.0.8 | 112.00 | NOTE | |||
r-oldrel-macos-x86_64 | 1.0.8 | 180.00 | NOTE | |||
r-oldrel-windows-ix86+x86_64 | 1.0.8 | 594.00 | 186.00 | 780.00 | NOTE |
Version: 1.0.8
Check: LazyData
Result: NOTE
'LazyData' is specified without a 'data' directory
Flavors: r-devel-linux-x86_64-debian-clang, r-devel-linux-x86_64-debian-gcc, r-devel-linux-x86_64-fedora-clang, r-devel-linux-x86_64-fedora-gcc, r-devel-windows-x86_64, r-patched-linux-x86_64, r-release-linux-x86_64, r-release-macos-arm64, r-release-macos-x86_64, r-release-windows-x86_64, r-oldrel-macos-arm64, r-oldrel-macos-x86_64, r-oldrel-windows-ix86+x86_64
Version: 1.0.8
Check: installed package size
Result: NOTE
installed size is 13.4Mb
sub-directories of 1Mb or more:
apps 3.2Mb
libs 8.2Mb
Flavors: r-devel-linux-x86_64-fedora-clang, r-release-macos-arm64, r-release-macos-x86_64, r-oldrel-macos-arm64, r-oldrel-macos-x86_64, r-oldrel-windows-ix86+x86_64