CRAN Package Check Results for Package tcl

Last updated on 2020-09-22 03:49:43 CEST.

Flavor Version Tinstall Tcheck Ttotal Status Flags
r-devel-linux-x86_64-debian-clang 0.1.0 6.42 86.52 92.94 OK
r-devel-linux-x86_64-debian-gcc 0.1.0 0.30 2.08 2.38 ERROR
r-devel-linux-x86_64-fedora-clang 0.1.0 144.91 OK
r-devel-linux-x86_64-fedora-gcc 0.1.0 118.60 OK
r-devel-windows-ix86+x86_64 0.1.0 17.00 97.00 114.00 OK
r-patched-linux-x86_64 0.1.0 7.36 84.54 91.90 OK
r-patched-solaris-x86 0.1.0 158.20 OK
r-release-linux-x86_64 0.1.0 7.90 84.72 92.62 OK
r-release-macos-x86_64 0.1.0 OK
r-release-windows-ix86+x86_64 0.1.0 18.00 127.00 145.00 OK
r-oldrel-macos-x86_64 0.1.0 OK
r-oldrel-windows-ix86+x86_64 0.1.0 13.00 110.00 123.00 OK

Check Details

Version: 0.1.0
Check: whether package can be installed
Result: ERROR
    Installation failed.
Flavor: r-devel-linux-x86_64-debian-gcc