CRAN Package Check Results for Package tci

Last updated on 2022-09-25 03:54:43 CEST.

Flavor Version Tinstall Tcheck Ttotal Status Flags
r-devel-linux-x86_64-debian-clang 0.2.0 44.35 243.56 287.91 OK
r-devel-linux-x86_64-debian-gcc 0.2.0 38.36 300.95 339.31 OK
r-devel-linux-x86_64-fedora-clang 0.2.0 319.37 NOTE
r-devel-linux-x86_64-fedora-gcc 0.2.0 372.80 NOTE
r-devel-windows-x86_64 0.2.0 73.00 263.00 336.00 OK
r-patched-linux-x86_64 0.2.0 40.24 264.50 304.74 OK
r-release-linux-x86_64 0.2.0 41.69 258.53 300.22 OK
r-release-macos-arm64 0.2.0 70.00 NOTE
r-release-macos-x86_64 0.2.0 102.00 NOTE
r-release-windows-x86_64 0.2.0 56.00 254.00 310.00 OK
r-oldrel-macos-arm64 0.2.0 66.00 NOTE
r-oldrel-macos-x86_64 0.2.0 105.00 NOTE
r-oldrel-windows-ix86+x86_64 0.2.0 108.00 309.00 417.00 OK

Check Details

Version: 0.2.0
Check: dependencies in R code
Result: NOTE
    Namespaces in Imports field not imported from:
     ‘gridExtra’ ‘reshape2’ ‘truncnorm’ ‘xtable’
     All declared Imports should be used.
Flavors: r-devel-linux-x86_64-fedora-clang, r-devel-linux-x86_64-fedora-gcc, r-release-macos-arm64, r-release-macos-x86_64, r-oldrel-macos-arm64, r-oldrel-macos-x86_64

Version: 0.2.0
Check: installed package size
Result: NOTE
     installed size is 5.1Mb
     sub-directories of 1Mb or more:
     libs 3.8Mb
Flavors: r-release-macos-x86_64, r-oldrel-macos-x86_64