CRAN Package Check Results for Package taxonomizr

Last updated on 2020-09-24 15:48:44 CEST.

Flavor Version Tinstall Tcheck Ttotal Status Flags
r-devel-linux-x86_64-debian-clang 0.5.3 4.11 53.34 57.45 NOTE
r-devel-linux-x86_64-debian-gcc 0.5.3 2.84 40.44 43.28 NOTE
r-devel-linux-x86_64-fedora-clang 0.5.3 87.69 NOTE
r-devel-linux-x86_64-fedora-gcc 0.5.3 77.78 NOTE
r-devel-windows-ix86+x86_64 0.5.3 11.00 135.00 146.00 OK
r-patched-linux-x86_64 0.5.3 3.28 51.20 54.48 NOTE
r-patched-solaris-x86 0.5.3 90.20 NOTE
r-release-linux-x86_64 0.5.3 3.05 50.58 53.63 NOTE
r-release-macos-x86_64 0.5.3 OK
r-release-windows-ix86+x86_64 0.5.3 15.00 141.00 156.00 OK
r-oldrel-macos-x86_64 0.5.3 OK
r-oldrel-windows-ix86+x86_64 0.5.3 6.00 125.00 131.00 OK

Check Details

Version: 0.5.3
Check: for non-standard things in the check directory
Result: NOTE
    Found the following files/directories:
     'nameNode.sqlite'
Flavors: r-devel-linux-x86_64-debian-clang, r-devel-linux-x86_64-debian-gcc, r-devel-linux-x86_64-fedora-clang, r-devel-linux-x86_64-fedora-gcc, r-patched-linux-x86_64, r-patched-solaris-x86, r-release-linux-x86_64