Last updated on 2022-06-27 03:51:26 CEST.
Flavor | Version | Tinstall | Tcheck | Ttotal | Status | Flags |
---|---|---|---|---|---|---|
r-devel-linux-x86_64-debian-clang | 0.2.0 | 187.50 | 140.03 | 327.53 | OK | |
r-devel-linux-x86_64-debian-gcc | 0.2.0 | 153.71 | 125.95 | 279.66 | OK | |
r-devel-linux-x86_64-fedora-clang | 0.2.0 | 463.94 | NOTE | |||
r-devel-linux-x86_64-fedora-gcc | 0.2.0 | 416.09 | OK | |||
r-devel-windows-x86_64 | 0.2.0 | 152.00 | 172.00 | 324.00 | OK | |
r-patched-linux-x86_64 | 0.2.0 | 171.43 | 135.10 | 306.53 | OK | |
r-release-linux-x86_64 | 0.2.0 | 172.94 | 134.88 | 307.82 | OK | |
r-release-macos-arm64 | 0.2.0 | 101.00 | NOTE | |||
r-release-macos-x86_64 | 0.2.0 | 133.00 | NOTE | |||
r-release-windows-x86_64 | 0.2.0 | 154.00 | 183.00 | 337.00 | OK | |
r-oldrel-macos-arm64 | 0.2.0 | 92.00 | NOTE | |||
r-oldrel-macos-x86_64 | 0.2.0 | 135.00 | NOTE | |||
r-oldrel-windows-ix86+x86_64 | 0.2.0 | 446.00 | 219.00 | 665.00 | OK |
Version: 0.2.0
Check: installed package size
Result: NOTE
installed size is 8.6Mb
sub-directories of 1Mb or more:
libs 7.5Mb
Flavors: r-devel-linux-x86_64-fedora-clang, r-release-macos-arm64, r-release-macos-x86_64, r-oldrel-macos-arm64, r-oldrel-macos-x86_64