CRAN Package Check Results for Package targeted

Last updated on 2024-07-21 15:53:46 CEST.

Flavor Version Tinstall Tcheck Ttotal Status Flags
r-devel-linux-x86_64-debian-clang 0.5 215.03 195.48 410.51 OK
r-devel-linux-x86_64-debian-gcc 0.5 157.53 160.29 317.82 OK
r-devel-linux-x86_64-fedora-clang 0.5 624.81 OK
r-devel-linux-x86_64-fedora-gcc 0.5 648.96 OK
r-devel-windows-x86_64 0.5 184.00 184.00 368.00 OK
r-patched-linux-x86_64 0.5 236.74 199.40 436.14 OK
r-release-linux-x86_64 0.5 225.97 207.99 433.96 OK
r-release-macos-arm64 0.5 133.00 NOTE
r-release-macos-x86_64 0.5 160.00 NOTE
r-release-windows-x86_64 0.5 219.00 186.00 405.00 OK
r-oldrel-macos-arm64 0.5 137.00 NOTE
r-oldrel-macos-x86_64 0.5 265.00 NOTE
r-oldrel-windows-x86_64 0.5 264.00 234.00 498.00 OK

Check Details

Version: 0.5
Check: installed package size
Result: NOTE installed size is 15.0Mb sub-directories of 1Mb or more: doc 1.1Mb libs 13.3Mb Flavors: r-release-macos-arm64, r-release-macos-x86_64, r-oldrel-macos-arm64, r-oldrel-macos-x86_64