CRAN Package Check Results for Package takos

Last updated on 2022-08-09 15:56:28 CEST.

Flavor Version Tinstall Tcheck Ttotal Status Flags
r-devel-linux-x86_64-debian-clang 0.2.0 8.29 75.31 83.60 NOTE
r-devel-linux-x86_64-debian-gcc 0.2.0 6.90 55.28 62.18 NOTE
r-devel-linux-x86_64-fedora-clang 0.2.0 107.96 NOTE
r-devel-linux-x86_64-fedora-gcc 0.2.0 104.12 NOTE
r-devel-windows-x86_64 0.2.0 16.00 99.00 115.00 NOTE
r-patched-linux-x86_64 0.2.0 8.00 69.37 77.37 NOTE
r-release-linux-x86_64 0.2.0 NOTE
r-release-macos-arm64 0.2.0 31.00 NOTE
r-release-macos-x86_64 0.2.0 62.00 NOTE
r-release-windows-x86_64 0.2.0 20.00 102.00 122.00 NOTE
r-oldrel-macos-arm64 0.2.0 30.00 NOTE
r-oldrel-macos-x86_64 0.2.0 57.00 NOTE
r-oldrel-windows-ix86+x86_64 0.2.0 21.00 94.00 115.00 NOTE

Check Details

Version: 0.2.0
Check: LazyData
Result: NOTE
     'LazyData' is specified without a 'data' directory
Flavors: r-devel-linux-x86_64-debian-clang, r-devel-linux-x86_64-debian-gcc, r-devel-linux-x86_64-fedora-clang, r-devel-linux-x86_64-fedora-gcc, r-devel-windows-x86_64, r-patched-linux-x86_64, r-release-linux-x86_64, r-release-macos-arm64, r-release-macos-x86_64, r-release-windows-x86_64, r-oldrel-macos-arm64, r-oldrel-macos-x86_64, r-oldrel-windows-ix86+x86_64

Version: 0.2.0
Check: dependencies in R code
Result: NOTE
    Namespaces in Imports field not imported from:
     ‘MASS’ ‘devEMF’ ‘segmented’ ‘smoother’ ‘tools’
     All declared Imports should be used.
Flavors: r-devel-linux-x86_64-fedora-clang, r-devel-linux-x86_64-fedora-gcc, r-release-macos-arm64, r-release-macos-x86_64, r-oldrel-macos-arm64, r-oldrel-macos-x86_64