CRAN Package Check Results for Package tagcloud

Last updated on 2020-10-23 15:48:19 CEST.

Flavor Version Tinstall Tcheck Ttotal Status Flags
r-devel-linux-x86_64-debian-clang 0.6 23.15 44.51 67.66 OK
r-devel-linux-x86_64-debian-gcc 0.6 16.19 33.82 50.01 OK
r-devel-linux-x86_64-fedora-clang 0.6 95.96 NOTE
r-devel-linux-x86_64-fedora-gcc 0.6 84.49 NOTE
r-devel-windows-ix86+x86_64 0.6 58.00 79.00 137.00 OK
r-patched-linux-x86_64 0.6 20.86 42.31 63.17 OK
r-patched-solaris-x86 0.6 94.60 OK
r-release-linux-x86_64 0.6 21.11 42.04 63.15 OK
r-release-macos-x86_64 0.6 OK
r-release-windows-ix86+x86_64 0.6 47.00 66.00 113.00 OK
r-oldrel-macos-x86_64 0.6 OK
r-oldrel-windows-ix86+x86_64 0.6 52.00 55.00 107.00 OK

Check Details

Version: 0.6
Check: compiled code
Result: NOTE
    File ‘tagcloud/libs/tagcloud.so’:
     Found no calls to: ‘R_registerRoutines’, ‘R_useDynamicSymbols’
    
    It is good practice to register native routines and to disable symbol
    search.
    
    See ‘Writing portable packages’ in the ‘Writing R Extensions’ manual.
Flavors: r-devel-linux-x86_64-fedora-clang, r-devel-linux-x86_64-fedora-gcc