CRAN Package Check Results for Package tabulog

Last updated on 2024-06-22 03:49:43 CEST.

Flavor Version Tinstall Tcheck Ttotal Status Flags
r-devel-linux-x86_64-debian-clang 0.1.1 2.31 25.66 27.97 NOTE
r-devel-linux-x86_64-debian-gcc 0.1.1 1.80 19.68 21.48 NOTE
r-devel-linux-x86_64-fedora-clang 0.1.1 37.00 NOTE
r-devel-linux-x86_64-fedora-gcc 0.1.1 50.38 NOTE
r-devel-windows-x86_64 0.1.1 4.00 42.00 46.00 NOTE
r-patched-linux-x86_64 0.1.1 2.17 25.15 27.32 NOTE
r-release-linux-x86_64 0.1.1 1.79 25.05 26.84 NOTE
r-release-macos-arm64 0.1.1 21.00 NOTE
r-release-macos-x86_64 0.1.1 34.00 NOTE
r-release-windows-x86_64 0.1.1 2.00 43.00 45.00 NOTE
r-oldrel-macos-arm64 0.1.1 23.00 NOTE
r-oldrel-macos-x86_64 0.1.1 31.00 NOTE
r-oldrel-windows-x86_64 0.1.1 3.00 45.00 48.00 NOTE

Check Details

Version: 0.1.1
Check: Rd files
Result: NOTE checkRd: (-1) parse_logs.Rd:38: Lost braces 38 | '{{ip ip_address}} [{{date access_date}}]...'. | ^ checkRd: (-1) parse_logs.Rd:38: Lost braces 38 | '{{ip ip_address}} [{{date access_date}}]...'. | ^ Flavors: r-devel-linux-x86_64-debian-clang, r-devel-linux-x86_64-debian-gcc, r-devel-linux-x86_64-fedora-clang, r-devel-linux-x86_64-fedora-gcc, r-devel-windows-x86_64, r-patched-linux-x86_64, r-release-linux-x86_64, r-release-macos-arm64, r-release-macos-x86_64, r-release-windows-x86_64

Version: 0.1.1
Check: LazyData
Result: NOTE 'LazyData' is specified without a 'data' directory Flavors: r-devel-linux-x86_64-debian-clang, r-devel-linux-x86_64-debian-gcc, r-devel-linux-x86_64-fedora-clang, r-devel-linux-x86_64-fedora-gcc, r-devel-windows-x86_64, r-patched-linux-x86_64, r-release-linux-x86_64, r-release-macos-arm64, r-release-macos-x86_64, r-release-windows-x86_64, r-oldrel-macos-arm64, r-oldrel-macos-x86_64, r-oldrel-windows-x86_64