CRAN Package Check Results for Package tab

Last updated on 2020-09-22 16:02:42 CEST.

Flavor Version Tinstall Tcheck Ttotal Status Flags
r-devel-linux-x86_64-debian-clang 4.1.1 12.88 106.45 119.33 OK
r-devel-linux-x86_64-debian-gcc 4.1.1 10.92 82.49 93.41 OK
r-devel-linux-x86_64-fedora-clang 4.1.1 180.64 NOTE
r-devel-linux-x86_64-fedora-gcc 4.1.1 146.72 NOTE
r-devel-windows-ix86+x86_64 4.1.1 29.00 109.00 138.00 OK
r-patched-linux-x86_64 4.1.1 13.84 100.27 114.11 OK
r-patched-solaris-x86 4.1.1 194.70 NOTE
r-release-linux-x86_64 4.1.1 13.28 101.97 115.25 OK
r-release-macos-x86_64 4.1.1 NOTE
r-release-windows-ix86+x86_64 4.1.1 29.00 130.00 159.00 OK
r-oldrel-macos-x86_64 4.1.1 NOTE
r-oldrel-windows-ix86+x86_64 4.1.1 20.00 128.00 148.00 OK

Check Details

Version: 4.1.1
Check: dependencies in R code
Result: NOTE
    Namespaces in Imports field not imported from:
     ‘gee’ ‘survival’
     All declared Imports should be used.
Flavors: r-devel-linux-x86_64-fedora-clang, r-devel-linux-x86_64-fedora-gcc, r-patched-solaris-x86, r-release-macos-x86_64, r-oldrel-macos-x86_64