Last updated on 2022-06-28 15:53:30 CEST.
Flavor | Version | Tinstall | Tcheck | Ttotal | Status | Flags |
---|---|---|---|---|---|---|
r-devel-linux-x86_64-debian-clang | 0.7.7 | 6.02 | 87.90 | 93.92 | OK | |
r-devel-linux-x86_64-debian-gcc | 0.7.7 | 6.08 | 66.55 | 72.63 | OK | |
r-devel-linux-x86_64-fedora-clang | 0.7.7 | 123.17 | NOTE | |||
r-devel-linux-x86_64-fedora-gcc | 0.7.7 | 118.24 | OK | |||
r-devel-windows-x86_64 | 0.7.7 | 152.00 | 132.00 | 284.00 | OK | |
r-patched-linux-x86_64 | 0.7.7 | 8.05 | 86.58 | 94.63 | OK | |
r-release-linux-x86_64 | 0.7.7 | 6.49 | 85.72 | 92.21 | OK | |
r-release-macos-arm64 | 0.7.7 | 54.00 | OK | |||
r-release-macos-x86_64 | 0.7.7 | 72.00 | OK | |||
r-release-windows-x86_64 | 0.7.7 | 144.00 | 137.00 | 281.00 | OK | |
r-oldrel-macos-arm64 | 0.7.7 | 46.00 | NOTE | |||
r-oldrel-macos-x86_64 | 0.7.7 | 69.00 | OK | |||
r-oldrel-windows-ix86+x86_64 | 0.7.7 | 14.00 | 123.00 | 137.00 | OK |
Version: 0.7.7
Check: Rd cross-references
Result: NOTE
Undeclared package ‘SIBER’ in Rd xrefs
Flavor: r-devel-linux-x86_64-fedora-clang
Version: 0.7.7
Check: Rd cross-references
Result: NOTE
Package unavailable to check Rd xrefs: ‘SIBER’
Flavor: r-oldrel-macos-arm64