CRAN Package Check Results for Package sysid

Last updated on 2020-09-18 15:53:03 CEST.

Flavor Version Tinstall Tcheck Ttotal Status Flags
r-devel-linux-x86_64-debian-clang 1.0.4 7.72 62.56 70.28 NOTE
r-devel-linux-x86_64-debian-gcc 1.0.4 6.03 47.85 53.88 NOTE
r-devel-linux-x86_64-fedora-clang 1.0.4 103.40 NOTE
r-devel-linux-x86_64-fedora-gcc 1.0.4 89.75 NOTE
r-devel-windows-ix86+x86_64 1.0.4 17.00 74.00 91.00 OK
r-patched-linux-x86_64 1.0.4 7.43 60.78 68.21 NOTE
r-patched-solaris-x86 1.0.4 121.50 NOTE
r-release-linux-x86_64 1.0.4 7.88 60.94 68.82 NOTE
r-release-macos-x86_64 1.0.4 OK
r-release-windows-ix86+x86_64 1.0.4 17.00 93.00 110.00 OK
r-oldrel-macos-x86_64 1.0.4 OK
r-oldrel-windows-ix86+x86_64 1.0.4 31.00 91.00 122.00 OK

Check Details

Version: 1.0.4
Check: for non-standard things in the check directory
Result: NOTE
    Found the following files/directories:
     'test.csv'
Flavors: r-devel-linux-x86_64-debian-clang, r-devel-linux-x86_64-debian-gcc, r-devel-linux-x86_64-fedora-clang, r-devel-linux-x86_64-fedora-gcc, r-patched-linux-x86_64, r-patched-solaris-x86, r-release-linux-x86_64