CRAN Package Check Results for Package synoptReg

Last updated on 2022-12-04 15:53:52 CET.

Flavor Version Tinstall Tcheck Ttotal Status Flags
r-devel-linux-x86_64-debian-clang 1.2.1 17.72 178.49 196.21 OK
r-devel-linux-x86_64-debian-gcc 1.2.1 15.91 133.90 149.81 OK
r-devel-linux-x86_64-fedora-clang 1.2.1 263.01 NOTE
r-devel-linux-x86_64-fedora-gcc 1.2.1 246.74 NOTE
r-devel-windows-x86_64 1.2.1 26.00 194.00 220.00 OK
r-patched-linux-x86_64 1.2.1 22.82 189.47 212.29 OK
r-release-linux-x86_64 1.2.1 19.88 193.29 213.17 OK
r-release-macos-arm64 1.2.1 115.00 NOTE
r-release-macos-x86_64 1.2.1 205.00 NOTE
r-release-windows-x86_64 1.2.1 31.00 201.00 232.00 OK
r-oldrel-macos-arm64 1.2.1 111.00 NOTE
r-oldrel-macos-x86_64 1.2.1 142.00 NOTE
r-oldrel-windows-ix86+x86_64 1.2.1 37.00 195.00 232.00 OK

Check Details

Version: 1.2.1
Check: package dependencies
Result: NOTE
    Suggests orphaned package: ‘udunits2’
Flavors: r-devel-linux-x86_64-fedora-clang, r-devel-linux-x86_64-fedora-gcc

Version: 1.2.1
Check: installed package size
Result: NOTE
     installed size is 5.0Mb
     sub-directories of 1Mb or more:
     data 1.5Mb
     extdata 3.4Mb
Flavors: r-devel-linux-x86_64-fedora-clang, r-release-macos-arm64, r-release-macos-x86_64, r-oldrel-macos-arm64, r-oldrel-macos-x86_64

Version: 1.2.1
Check: dependencies in R code
Result: NOTE
    Namespace in Imports field not imported from: ‘metR’
     All declared Imports should be used.
Flavors: r-devel-linux-x86_64-fedora-clang, r-devel-linux-x86_64-fedora-gcc, r-release-macos-arm64, r-release-macos-x86_64, r-oldrel-macos-arm64, r-oldrel-macos-x86_64

Version: 1.2.1
Check: package dependencies
Result: NOTE
    Package suggested but not available for checking: ‘udunits2’
Flavors: r-oldrel-macos-arm64, r-oldrel-macos-x86_64