CRAN Package Check Results for Package synchronicity

Last updated on 2020-10-23 15:48:19 CEST.

Flavor Version Tinstall Tcheck Ttotal Status Flags
r-devel-linux-x86_64-debian-clang 1.3.5 30.21 26.36 56.57 OK
r-devel-linux-x86_64-debian-gcc 1.3.5 22.02 20.90 42.92 OK
r-devel-linux-x86_64-fedora-clang 1.3.5 85.54 NOTE
r-devel-linux-x86_64-fedora-gcc 1.3.5 70.05 NOTE
r-devel-windows-ix86+x86_64 1.3.5 82.00 71.00 153.00 OK
r-patched-linux-x86_64 1.3.5 24.10 25.54 49.64 OK
r-patched-solaris-x86 1.3.5 78.70 OK
r-release-linux-x86_64 1.3.5 26.81 25.80 52.61 OK
r-release-macos-x86_64 1.3.5 OK
r-release-windows-ix86+x86_64 1.3.5 61.00 65.00 126.00 OK
r-oldrel-macos-x86_64 1.3.5 OK
r-oldrel-windows-ix86+x86_64 1.3.5 71.00 49.00 120.00 OK

Check Details

Version: 1.3.5
Check: top-level files
Result: NOTE
     possible bashism in configure line 12 (echo -n):
     echo -n " checking for Sun Studio compiler..."
     possible bashism in configure line 22 (echo -n):
     echo -n " checking for OS..."
Flavors: r-devel-linux-x86_64-fedora-clang, r-devel-linux-x86_64-fedora-gcc