CRAN Package Check Results for Package symmetry

Last updated on 2022-07-03 03:50:09 CEST.

Flavor Version Tinstall Tcheck Ttotal Status Flags
r-devel-linux-x86_64-debian-clang 0.2.1 219.92 36.41 256.33 NOTE
r-devel-linux-x86_64-debian-gcc 0.2.1 156.85 28.30 185.15 NOTE
r-devel-linux-x86_64-fedora-clang 0.2.1 406.41 NOTE
r-devel-linux-x86_64-fedora-gcc 0.2.1 334.37 NOTE
r-devel-windows-x86_64 0.2.1 170.00 85.00 255.00 NOTE
r-patched-linux-x86_64 0.2.1 165.36 35.98 201.34 NOTE
r-release-linux-x86_64 0.2.1 178.62 35.33 213.95 NOTE
r-release-macos-arm64 0.2.1 84.00 NOTE
r-release-macos-x86_64 0.2.1 100.00 NOTE
r-release-windows-x86_64 0.2.1 251.00 88.00 339.00 NOTE
r-oldrel-macos-arm64 0.2.1 88.00 NOTE
r-oldrel-macos-x86_64 0.2.1 153.00 NOTE
r-oldrel-windows-ix86+x86_64 0.2.1 515.00 90.00 605.00 NOTE

Check Details

Version: 0.2.1
Check: Rd files
Result: NOTE
    checkRd: (-1) TestStatistics.Rd:128: Escaped LaTeX specials: \&
Flavors: r-devel-linux-x86_64-debian-clang, r-devel-linux-x86_64-debian-gcc, r-devel-linux-x86_64-fedora-clang, r-devel-linux-x86_64-fedora-gcc, r-devel-windows-x86_64

Version: 0.2.1
Check: LazyData
Result: NOTE
     'LazyData' is specified without a 'data' directory
Flavors: r-devel-linux-x86_64-debian-clang, r-devel-linux-x86_64-debian-gcc, r-devel-linux-x86_64-fedora-clang, r-devel-linux-x86_64-fedora-gcc, r-devel-windows-x86_64, r-patched-linux-x86_64, r-release-linux-x86_64, r-release-macos-arm64, r-release-macos-x86_64, r-release-windows-x86_64, r-oldrel-macos-arm64, r-oldrel-macos-x86_64, r-oldrel-windows-ix86+x86_64

Version: 0.2.1
Check: installed package size
Result: NOTE
     installed size is 5.1Mb
     sub-directories of 1Mb or more:
     libs 5.0Mb
Flavors: r-release-macos-arm64, r-oldrel-macos-arm64