CRAN Package Check Results for Package symengine

Last updated on 2020-09-22 16:02:42 CEST.

Flavor Version Tinstall Tcheck Ttotal Status Flags
r-devel-linux-x86_64-debian-clang 0.1.5 384.47 130.16 514.63 OK
r-devel-linux-x86_64-debian-gcc 0.1.5 366.45 88.79 455.24 OK
r-devel-linux-x86_64-fedora-clang 0.1.5 931.23 NOTE
r-devel-linux-x86_64-fedora-gcc 0.1.5 809.03 NOTE
r-devel-windows-ix86+x86_64 0.1.5 80.00 199.00 279.00 NOTE
r-patched-linux-x86_64 0.1.5 386.63 106.58 493.21 OK
r-patched-solaris-x86 0.1.5 619.40 NOTE
r-release-linux-x86_64 0.1.5 376.18 107.34 483.52 OK
r-release-macos-x86_64 0.1.5 NOTE
r-release-windows-ix86+x86_64 0.1.5 82.00 223.00 305.00 NOTE
r-oldrel-macos-x86_64 0.1.5 NOTE
r-oldrel-windows-ix86+x86_64 0.1.5 55.00 217.00 272.00 NOTE

Check Details

Version: 0.1.5
Check: installed package size
Result: NOTE
     installed size is 42.6Mb
     sub-directories of 1Mb or more:
     libs 41.7Mb
Flavors: r-devel-linux-x86_64-fedora-clang, r-devel-windows-ix86+x86_64, r-patched-solaris-x86, r-release-macos-x86_64, r-release-windows-ix86+x86_64, r-oldrel-macos-x86_64, r-oldrel-windows-ix86+x86_64

Version: 0.1.5
Check: for GNU extensions in Makefiles
Result: NOTE
    GNU make is a SystemRequirements.
Flavors: r-devel-linux-x86_64-fedora-clang, r-devel-linux-x86_64-fedora-gcc, r-release-macos-x86_64, r-oldrel-macos-x86_64