Last updated on 2022-08-12 03:53:40 CEST.
Flavor | Version | Tinstall | Tcheck | Ttotal | Status | Flags |
---|---|---|---|---|---|---|
r-devel-linux-x86_64-debian-clang | 0.6-3 | 23.05 | 579.38 | 602.43 | NOTE | |
r-devel-linux-x86_64-debian-gcc | 0.6-3 | 0.53 | 2.00 | 2.53 | ERROR | |
r-devel-linux-x86_64-fedora-clang | 0.6-3 | 429.86 | NOTE | |||
r-devel-linux-x86_64-fedora-gcc | 0.6-3 | 432.91 | NOTE | |||
r-devel-windows-x86_64 | 0.6-3 | 71.00 | 117.00 | 188.00 | NOTE | --no-examples --no-tests --no-vignettes |
r-patched-linux-x86_64 | 0.6-3 | 24.63 | 540.58 | 565.21 | OK | |
r-release-linux-x86_64 | 0.6-3 | 23.48 | 535.66 | 559.14 | OK | |
r-release-macos-arm64 | 0.6-3 | 112.00 | OK | |||
r-release-macos-x86_64 | 0.6-3 | 200.00 | OK | |||
r-release-windows-x86_64 | 0.6-3 | 72.00 | 115.00 | 187.00 | OK | --no-examples --no-tests --no-vignettes |
r-oldrel-macos-arm64 | 0.6-3 | 117.00 | OK | |||
r-oldrel-macos-x86_64 | 0.6-3 | 192.00 | OK | |||
r-oldrel-windows-ix86+x86_64 | 0.6-3 | 55.00 | 127.00 | 182.00 | OK | --no-examples --no-tests --no-vignettes |
Version: 0.6-3
Check: Rd files
Result: NOTE
checkRd: (-1) HINoV.SDA.rd:5: Escaped LaTeX specials: \&
Flavors: r-devel-linux-x86_64-debian-clang, r-devel-linux-x86_64-fedora-clang, r-devel-linux-x86_64-fedora-gcc
Version: 0.6-3
Check: package dependencies
Result: ERROR
Package required but not available: ‘RSDA’
See section ‘The DESCRIPTION file’ in the ‘Writing R Extensions’
manual.
Flavor: r-devel-linux-x86_64-debian-gcc
Version: 0.6-3
Flags: --no-examples --no-tests --no-vignettes
Check: Rd files
Result: NOTE
checkRd: (-1) HINoV.SDA.rd:5: Escaped LaTeX specials: \&
Flavor: r-devel-windows-x86_64