CRAN Package Check Results for Package symSEM

Last updated on 2022-01-28 04:01:05 CET.

Flavor Version Tinstall Tcheck Ttotal Status Flags
r-devel-linux-x86_64-debian-clang 0.1 9.75 119.29 129.04 NOTE
r-devel-linux-x86_64-debian-gcc 0.1 8.61 92.32 100.93 NOTE
r-devel-linux-x86_64-fedora-clang 0.1 160.69 NOTE
r-devel-linux-x86_64-fedora-gcc 0.1 149.81 NOTE
r-devel-windows-x86_64-new-UL 0.1 22.00 138.00 160.00 NOTE
r-devel-windows-x86_64-new-TK 0.1 NOTE
r-patched-linux-x86_64 0.1 8.96 108.23 117.19 NOTE
r-release-linux-x86_64 0.1 8.20 108.87 117.07 NOTE
r-release-macos-arm64 0.1 NOTE
r-release-macos-x86_64 0.1 NOTE
r-release-windows-ix86+x86_64 0.1 25.00 126.00 151.00 NOTE
r-oldrel-macos-x86_64 0.1 OK
r-oldrel-windows-ix86+x86_64 0.1 25.00 124.00 149.00 OK

Check Details

Version: 0.1
Check: LazyData
Result: NOTE
     'LazyData' is specified without a 'data' directory
Flavors: r-devel-linux-x86_64-debian-clang, r-devel-linux-x86_64-debian-gcc, r-devel-linux-x86_64-fedora-clang, r-devel-linux-x86_64-fedora-gcc, r-devel-windows-x86_64-new-UL, r-devel-windows-x86_64-new-TK, r-patched-linux-x86_64, r-release-linux-x86_64, r-release-macos-arm64, r-release-macos-x86_64, r-release-windows-ix86+x86_64