Last updated on 2023-02-05 15:55:29 CET.
Flavor | Version | Tinstall | Tcheck | Ttotal | Status | Flags |
---|---|---|---|---|---|---|
r-devel-linux-x86_64-debian-clang | 0.1 | 6.00 | 47.68 | 53.68 | NOTE | |
r-devel-linux-x86_64-debian-gcc | 0.1 | 4.21 | 35.82 | 40.03 | NOTE | |
r-devel-linux-x86_64-fedora-clang | 0.1 | 67.54 | NOTE | |||
r-devel-linux-x86_64-fedora-gcc | 0.1 | 75.49 | NOTE | |||
r-devel-windows-x86_64 | 0.1 | 104.00 | 96.00 | 200.00 | NOTE | |
r-patched-linux-x86_64 | 0.1 | 8.79 | 43.33 | 52.12 | OK | |
r-release-linux-x86_64 | 0.1 | 6.50 | 45.00 | 51.50 | OK | |
r-release-macos-arm64 | 0.1 | 32.00 | OK | |||
r-release-macos-x86_64 | 0.1 | 41.00 | OK | |||
r-release-windows-x86_64 | 0.1 | 128.00 | 79.00 | 207.00 | OK | |
r-oldrel-macos-arm64 | 0.1 | 35.00 | OK | |||
r-oldrel-macos-x86_64 | 0.1 | 41.00 | OK | |||
r-oldrel-windows-ix86+x86_64 | 0.1 | 11.00 | 67.00 | 78.00 | OK |
Version: 0.1
Check: package subdirectories
Result: NOTE
Problems with news in ‘NEWS.md’:
Cannot extract version info from the following section titles:
pre-release switchboard (2020 - 2021)
Flavors: r-devel-linux-x86_64-debian-clang, r-devel-linux-x86_64-debian-gcc, r-devel-linux-x86_64-fedora-clang, r-devel-linux-x86_64-fedora-gcc, r-devel-windows-x86_64