CRAN Package Check Results for Package swephR

Last updated on 2022-08-17 15:50:07 CEST.

Flavor Version Tinstall Tcheck Ttotal Status Flags
r-devel-linux-x86_64-debian-clang 0.3.0 37.60 39.16 76.76 NOTE
r-devel-linux-x86_64-debian-gcc 0.3.0 NOTE
r-devel-linux-x86_64-fedora-clang 0.3.0 114.11 NOTE
r-devel-linux-x86_64-fedora-gcc 0.3.0 119.93 NOTE
r-devel-windows-x86_64 0.3.0 59.00 91.00 150.00 NOTE
r-patched-linux-x86_64 0.3.0 39.51 36.81 76.32 NOTE
r-release-linux-x86_64 0.3.0 39.41 37.40 76.81 NOTE
r-release-macos-arm64 0.3.0 31.00 NOTE
r-release-macos-x86_64 0.3.0 46.00 NOTE
r-release-windows-x86_64 0.3.0 59.00 93.00 152.00 NOTE
r-oldrel-macos-arm64 0.3.0 37.00 NOTE
r-oldrel-macos-x86_64 0.3.0 47.00 NOTE
r-oldrel-windows-ix86+x86_64 0.3.0 136.00 95.00 231.00 NOTE

Check Details

Version: 0.3.0
Check: package dependencies
Result: NOTE
    Package suggested but not available for checking: 'swephRdata'
Flavors: r-devel-linux-x86_64-debian-clang, r-devel-linux-x86_64-debian-gcc, r-devel-linux-x86_64-fedora-clang, r-devel-linux-x86_64-fedora-gcc, r-devel-windows-x86_64, r-patched-linux-x86_64, r-release-linux-x86_64, r-release-macos-arm64, r-release-macos-x86_64, r-release-windows-x86_64, r-oldrel-macos-arm64, r-oldrel-macos-x86_64, r-oldrel-windows-ix86+x86_64

Version: 0.3.0
Check: installed package size
Result: NOTE
     installed size is 5.3Mb
     sub-directories of 1Mb or more:
     libs 5.0Mb
Flavor: r-oldrel-macos-arm64