CRAN Package Check Results for Package svs

Last updated on 2022-07-05 15:52:58 CEST.

Flavor Version Tinstall Tcheck Ttotal Status Flags
r-devel-linux-x86_64-debian-clang 3.0.0 7.68 85.25 92.93 NOTE
r-devel-linux-x86_64-debian-gcc 3.0.0 7.71 63.00 70.71 NOTE
r-devel-linux-x86_64-fedora-clang 3.0.0 123.14 WARN
r-devel-linux-x86_64-fedora-gcc 3.0.0 121.28 WARN
r-devel-windows-x86_64 3.0.0 24.00 117.00 141.00 NOTE
r-patched-linux-x86_64 3.0.0 8.63 81.92 90.55 NOTE
r-release-linux-x86_64 3.0.0 9.52 81.46 90.98 NOTE
r-release-macos-arm64 3.0.0 35.00 NOTE
r-release-macos-x86_64 3.0.0 49.00 NOTE
r-release-windows-x86_64 3.0.0 26.00 118.00 144.00 NOTE
r-oldrel-macos-arm64 3.0.0 41.00 NOTE
r-oldrel-macos-x86_64 3.0.0 67.00 NOTE
r-oldrel-windows-ix86+x86_64 3.0.0 20.00 104.00 124.00 NOTE

Check Details

Version: 3.0.0
Check: LazyData
Result: NOTE
     'LazyData' is specified without a 'data' directory
Flavors: r-devel-linux-x86_64-debian-clang, r-devel-linux-x86_64-debian-gcc, r-devel-linux-x86_64-fedora-clang, r-devel-linux-x86_64-fedora-gcc, r-devel-windows-x86_64, r-patched-linux-x86_64, r-release-linux-x86_64, r-release-macos-arm64, r-release-macos-x86_64, r-release-windows-x86_64, r-oldrel-macos-arm64, r-oldrel-macos-x86_64, r-oldrel-windows-ix86+x86_64

Version: 3.0.0
Check: package dependencies
Result: WARN
    Requires orphaned package: ‘gtools’
Flavors: r-devel-linux-x86_64-fedora-clang, r-devel-linux-x86_64-fedora-gcc