CRAN Package Check Results for Package svrpath

Last updated on 2022-08-16 04:53:51 CEST.

Flavor Version Tinstall Tcheck Ttotal Status Flags
r-devel-linux-x86_64-debian-clang 0.1.2 5.02 48.83 53.85 NOTE
r-devel-linux-x86_64-debian-gcc 0.1.2 4.63 37.71 42.34 NOTE
r-devel-linux-x86_64-fedora-clang 0.1.2 80.19 NOTE
r-devel-linux-x86_64-fedora-gcc 0.1.2 77.36 NOTE
r-devel-windows-x86_64 0.1.2 13.00 70.00 83.00 NOTE
r-patched-linux-x86_64 0.1.2 5.19 47.70 52.89 NOTE
r-release-linux-x86_64 0.1.2 5.80 47.79 53.59 NOTE
r-release-macos-arm64 0.1.2 21.00 NOTE
r-release-macos-x86_64 0.1.2 33.00 NOTE
r-release-windows-x86_64 0.1.2 17.00 72.00 89.00 NOTE
r-oldrel-macos-arm64 0.1.2 23.00 NOTE
r-oldrel-macos-x86_64 0.1.2 36.00 NOTE
r-oldrel-windows-ix86+x86_64 0.1.2 12.00 71.00 83.00 NOTE

Check Details

Version: 0.1.2
Check: LazyData
Result: NOTE
     'LazyData' is specified without a 'data' directory
Flavors: r-devel-linux-x86_64-debian-clang, r-devel-linux-x86_64-debian-gcc, r-devel-linux-x86_64-fedora-clang, r-devel-linux-x86_64-fedora-gcc, r-devel-windows-x86_64, r-patched-linux-x86_64, r-release-linux-x86_64, r-release-macos-arm64, r-release-macos-x86_64, r-release-windows-x86_64, r-oldrel-macos-arm64, r-oldrel-macos-x86_64, r-oldrel-windows-ix86+x86_64