Last updated on 2023-10-01 05:05:55 CEST.
Flavor | Version | Tinstall | Tcheck | Ttotal | Status | Flags |
---|---|---|---|---|---|---|
r-devel-linux-x86_64-debian-clang | 0.1.4 | 139.88 | 68.59 | 208.47 | NOTE | |
r-devel-linux-x86_64-debian-gcc | 0.1.4 | 120.22 | 55.01 | 175.23 | NOTE | |
r-devel-linux-x86_64-fedora-clang | 0.1.4 | 270.22 | NOTE | |||
r-devel-linux-x86_64-fedora-gcc | 0.1.4 | 337.86 | NOTE | |||
r-devel-windows-x86_64 | 0.1.4 | 102.00 | 120.00 | 222.00 | NOTE | |
r-patched-linux-x86_64 | 0.1.4 | 152.38 | 71.55 | 223.93 | NOTE | |
r-release-linux-x86_64 | 0.1.4 | 146.99 | 71.25 | 218.24 | NOTE | |
r-release-macos-arm64 | 0.1.4 | 95.00 | NOTE | |||
r-release-macos-x86_64 | 0.1.4 | 144.00 | NOTE | |||
r-release-windows-x86_64 | 0.1.4 | 134.00 | 135.00 | 269.00 | NOTE | |
r-oldrel-macos-arm64 | 0.1.4 | 90.00 | NOTE | |||
r-oldrel-macos-x86_64 | 0.1.4 | 104.00 | NOTE | |||
r-oldrel-windows-x86_64 | 0.1.4 | 127.00 | 150.00 | 277.00 | NOTE |
Version: 0.1.4
Check: C++ specification
Result: NOTE
Specified C++11: please drop specification unless essential
Flavors: r-devel-linux-x86_64-debian-clang, r-devel-linux-x86_64-debian-gcc, r-devel-linux-x86_64-fedora-clang, r-devel-linux-x86_64-fedora-gcc, r-devel-windows-x86_64, r-patched-linux-x86_64, r-release-linux-x86_64, r-release-macos-arm64, r-release-macos-x86_64, r-release-windows-x86_64
Version: 0.1.4
Check: installed package size
Result: NOTE
installed size is 5.5Mb
sub-directories of 1Mb or more:
libs 5.0Mb
Flavors: r-devel-linux-x86_64-fedora-clang, r-devel-windows-x86_64, r-release-macos-arm64, r-release-macos-x86_64, r-release-windows-x86_64, r-oldrel-macos-arm64, r-oldrel-macos-x86_64, r-oldrel-windows-x86_64