CRAN Package Check Results for Package svines

Last updated on 2022-09-30 04:59:23 CEST.

Flavor Version Tinstall Tcheck Ttotal Status Flags
r-devel-linux-x86_64-debian-clang 0.1.4 141.62 68.81 210.43 OK
r-devel-linux-x86_64-debian-gcc 0.1.4 127.35 54.47 181.82 OK
r-devel-linux-x86_64-fedora-clang 0.1.4 296.80 NOTE
r-devel-linux-x86_64-fedora-gcc 0.1.4 313.23 OK
r-devel-windows-x86_64 0.1.4 115.00 147.00 262.00 NOTE
r-patched-linux-x86_64 0.1.4 137.07 72.24 209.31 OK
r-release-linux-x86_64 0.1.4 132.70 70.47 203.17 OK
r-release-macos-arm64 0.1.4 90.00 NOTE
r-release-macos-x86_64 0.1.4 104.00 NOTE
r-release-windows-x86_64 0.1.4 258.00 134.00 392.00 NOTE
r-oldrel-macos-arm64 0.1.4 70.00 NOTE
r-oldrel-macos-x86_64 0.1.4 105.00 NOTE
r-oldrel-windows-ix86+x86_64 0.1.4 304.00 179.00 483.00 NOTE

Check Details

Version: 0.1.4
Check: installed package size
Result: NOTE
     installed size is 5.6Mb
     sub-directories of 1Mb or more:
     libs 5.1Mb
Flavors: r-devel-linux-x86_64-fedora-clang, r-devel-windows-x86_64, r-release-macos-arm64, r-release-macos-x86_64, r-release-windows-x86_64, r-oldrel-macos-arm64, r-oldrel-macos-x86_64, r-oldrel-windows-ix86+x86_64