CRAN Package Check Results for Package survminer

Last updated on 2020-09-22 16:02:42 CEST.

Flavor Version Tinstall Tcheck Ttotal Status Flags
r-devel-linux-x86_64-debian-clang 0.4.8 15.73 206.74 222.47 OK
r-devel-linux-x86_64-debian-gcc 0.4.8 12.63 154.58 167.21 OK
r-devel-linux-x86_64-fedora-clang 0.4.8 316.68 NOTE
r-devel-linux-x86_64-fedora-gcc 0.4.8 268.87 OK
r-devel-windows-ix86+x86_64 0.4.8 35.00 220.00 255.00 NOTE
r-patched-linux-x86_64 0.4.8 11.08 194.97 206.05 OK
r-patched-solaris-x86 0.4.8 349.90 NOTE
r-release-linux-x86_64 0.4.8 13.23 194.93 208.16 OK
r-release-macos-x86_64 0.4.8 NOTE
r-release-windows-ix86+x86_64 0.4.8 37.00 261.00 298.00 NOTE
r-oldrel-macos-x86_64 0.4.8 NOTE
r-oldrel-windows-ix86+x86_64 0.4.8 24.00 265.00 289.00 NOTE

Check Details

Version: 0.4.8
Check: installed package size
Result: NOTE
     installed size is 5.3Mb
     sub-directories of 1Mb or more:
     doc 4.8Mb
Flavors: r-devel-linux-x86_64-fedora-clang, r-devel-windows-ix86+x86_64, r-patched-solaris-x86, r-release-macos-x86_64, r-release-windows-ix86+x86_64, r-oldrel-macos-x86_64, r-oldrel-windows-ix86+x86_64