CRAN Package Check Results for Package survivalsvm

Last updated on 2022-06-27 15:53:56 CEST.

Flavor Version Tinstall Tcheck Ttotal Status Flags
r-devel-linux-x86_64-debian-clang 0.0.5 10.12 84.51 94.63 OK
r-devel-linux-x86_64-debian-gcc 0.0.5 8.16 64.66 72.82 OK
r-devel-linux-x86_64-fedora-clang 0.0.5 121.65 NOTE
r-devel-linux-x86_64-fedora-gcc 0.0.5 122.82 NOTE
r-devel-windows-x86_64 0.0.5 102.00 106.00 208.00 OK
r-patched-linux-x86_64 0.0.5 16.64 81.01 97.65 OK
r-release-linux-x86_64 0.0.5 6.89 81.66 88.55 OK
r-release-macos-arm64 0.0.5 37.00 NOTE
r-release-macos-x86_64 0.0.5 60.00 NOTE
r-release-windows-x86_64 0.0.5 101.00 107.00 208.00 OK
r-oldrel-macos-arm64 0.0.5 43.00 NOTE
r-oldrel-macos-x86_64 0.0.5 64.00 NOTE
r-oldrel-windows-ix86+x86_64 0.0.5 21.00 103.00 124.00 OK

Check Details

Version: 0.0.5
Check: dependencies in R code
Result: NOTE
    Namespace in Imports field not imported from: ‘quadprog’
     All declared Imports should be used.
Flavors: r-devel-linux-x86_64-fedora-clang, r-devel-linux-x86_64-fedora-gcc, r-release-macos-arm64, r-release-macos-x86_64, r-oldrel-macos-arm64, r-oldrel-macos-x86_64