Last updated on 2022-05-23 03:57:08 CEST.
Flavor | Version | Tinstall | Tcheck | Ttotal | Status | Flags |
---|---|---|---|---|---|---|
r-devel-linux-x86_64-debian-clang | 3.3-1 | 71.19 | 621.51 | 692.70 | OK | |
r-devel-linux-x86_64-debian-gcc | 3.3-1 | 57.15 | 458.27 | 515.42 | OK | |
r-devel-linux-x86_64-fedora-clang | 3.3-1 | 823.86 | NOTE | |||
r-devel-linux-x86_64-fedora-gcc | 3.3-1 | 812.90 | OK | |||
r-devel-windows-x86_64 | 3.3-1 | 328.00 | 651.00 | 979.00 | NOTE | |
r-patched-linux-x86_64 | 3.3-1 | 61.18 | 597.61 | 658.79 | OK | |
r-release-linux-x86_64 | 3.3-1 | 61.07 | 589.19 | 650.26 | OK | |
r-release-macos-arm64 | 3.3-1 | 247.00 | NOTE | |||
r-release-macos-x86_64 | 3.3-1 | 381.00 | NOTE | |||
r-release-windows-x86_64 | 3.3-1 | 272.00 | 761.00 | 1033.00 | NOTE | |
r-oldrel-macos-arm64 | 3.3-1 | 283.00 | NOTE | |||
r-oldrel-macos-x86_64 | 3.3-1 | 398.00 | NOTE | |||
r-oldrel-windows-ix86+x86_64 | 3.3-1 | 151.00 | 1002.00 | 1153.00 | NOTE |
Version: 3.3-1
Check: installed package size
Result: NOTE
installed size is 8.1Mb
sub-directories of 1Mb or more:
R 1.2Mb
data 1.9Mb
doc 3.5Mb
Flavors: r-devel-linux-x86_64-fedora-clang, r-devel-windows-x86_64, r-release-macos-arm64, r-release-macos-x86_64, r-release-windows-x86_64, r-oldrel-macos-arm64, r-oldrel-macos-x86_64, r-oldrel-windows-ix86+x86_64