CRAN Package Check Results for Package surveybootstrap

Last updated on 2020-11-24 15:52:21 CET.

Flavor Version Tinstall Tcheck Ttotal Status Flags
r-devel-linux-x86_64-debian-clang 0.0.1 44.15 150.01 194.16 OK
r-devel-linux-x86_64-debian-gcc 0.0.1 39.81 109.64 149.45 OK
r-devel-linux-x86_64-fedora-clang 0.0.1 227.04 NOTE
r-devel-linux-x86_64-fedora-gcc 0.0.1 221.94 NOTE
r-devel-windows-ix86+x86_64 0.0.1 83.00 321.00 404.00 OK
r-patched-linux-x86_64 0.0.1 45.91 162.31 208.22 OK
r-patched-solaris-x86 0.0.1 248.50 OK
r-release-linux-x86_64 0.0.1 46.50 155.12 201.62 OK
r-release-macos-x86_64 0.0.1 OK
r-release-windows-ix86+x86_64 0.0.1 60.00 248.00 308.00 OK
r-oldrel-macos-x86_64 0.0.1 OK
r-oldrel-windows-ix86+x86_64 0.0.1 57.00 348.00 405.00 OK

Check Details

Version: 0.0.1
Check: compiled code
Result: NOTE
    File ‘surveybootstrap/libs/surveybootstrap.so’:
     Found no calls to: ‘R_registerRoutines’, ‘R_useDynamicSymbols’
    
    It is good practice to register native routines and to disable symbol
    search.
    
    See ‘Writing portable packages’ in the ‘Writing R Extensions’ manual.
Flavors: r-devel-linux-x86_64-fedora-clang, r-devel-linux-x86_64-fedora-gcc