CRAN Package Check Results for Package surveillance

Last updated on 2020-11-30 03:47:55 CET.

Flavor Version Tinstall Tcheck Ttotal Status Flags
r-devel-linux-x86_64-debian-clang 1.18.0 101.66 554.88 656.54 NOTE
r-devel-linux-x86_64-debian-gcc 1.18.0 78.00 414.01 492.01 NOTE
r-devel-linux-x86_64-fedora-clang 1.18.0 769.26 NOTE
r-devel-linux-x86_64-fedora-gcc 1.18.0 792.38 OK
r-devel-windows-ix86+x86_64 1.18.0 148.00 781.00 929.00 NOTE --no-vignettes
r-patched-linux-x86_64 1.18.0 116.71 541.10 657.81 NOTE
r-patched-solaris-x86 1.18.0 956.00 NOTE
r-release-linux-x86_64 1.18.0 94.44 541.72 636.16 NOTE
r-release-macos-x86_64 1.18.0 NOTE
r-release-windows-ix86+x86_64 1.18.0 147.00 548.00 695.00 NOTE --no-vignettes
r-oldrel-macos-x86_64 1.18.0 NOTE
r-oldrel-windows-ix86+x86_64 1.18.0 145.00 635.00 780.00 NOTE --no-vignettes

Check Details

Version: 1.18.0
Check: package dependencies
Result: NOTE
    Package suggested but not available for checking: 'INLA'
Flavors: r-devel-linux-x86_64-debian-clang, r-devel-linux-x86_64-debian-gcc, r-patched-linux-x86_64, r-patched-solaris-x86, r-release-linux-x86_64, r-release-macos-x86_64, r-oldrel-macos-x86_64

Version: 1.18.0
Check: installed package size
Result: NOTE
     installed size is 8.6Mb
     sub-directories of 1Mb or more:
     R 1.7Mb
     doc 2.2Mb
     libs 2.1Mb
Flavors: r-devel-linux-x86_64-fedora-clang, r-patched-solaris-x86, r-release-macos-x86_64, r-oldrel-macos-x86_64

Version: 1.18.0
Check: Rd cross-references
Result: NOTE
    Undeclared packages ‘RColorBrewer’, ‘scoringRules’, ‘coin’, ‘gtable’ in Rd xrefs
Flavor: r-devel-linux-x86_64-fedora-clang

Version: 1.18.0
Flags: --no-vignettes
Check: installed package size
Result: NOTE
     installed size is 8.6Mb
     sub-directories of 1Mb or more:
     R 1.7Mb
     doc 2.2Mb
     libs 2.2Mb
Flavors: r-devel-windows-ix86+x86_64, r-release-windows-ix86+x86_64, r-oldrel-windows-ix86+x86_64