CRAN Package Check Results for Package surveillance

Last updated on 2022-07-01 15:51:31 CEST.

Flavor Version Tinstall Tcheck Ttotal Status Flags
r-devel-linux-x86_64-debian-clang 1.20.0 70.06 603.70 673.76 NOTE
r-devel-linux-x86_64-debian-gcc 1.20.0 61.03 438.91 499.94 NOTE
r-devel-linux-x86_64-fedora-clang 1.20.0 812.13 NOTE
r-devel-linux-x86_64-fedora-gcc 1.20.0 815.51 NOTE
r-devel-windows-x86_64 1.20.0 362.00 384.00 746.00 NOTE --no-vignettes
r-patched-linux-x86_64 1.20.0 70.29 563.59 633.88 NOTE
r-release-linux-x86_64 1.20.0 69.73 566.31 636.04 NOTE
r-release-macos-arm64 1.20.0 242.00 NOTE
r-release-macos-x86_64 1.20.0 345.00 NOTE
r-release-windows-x86_64 1.20.0 531.00 448.00 979.00 NOTE --no-vignettes
r-oldrel-macos-arm64 1.20.0 242.00 NOTE
r-oldrel-macos-x86_64 1.20.0 366.00 NOTE
r-oldrel-windows-ix86+x86_64 1.20.0 138.00 549.00 687.00 NOTE --no-vignettes

Additional issues

noSuggests

Check Details

Version: 1.20.0
Check: package dependencies
Result: NOTE
    Package suggested but not available for checking: 'INLA'
Flavors: r-devel-linux-x86_64-debian-clang, r-devel-linux-x86_64-debian-gcc, r-patched-linux-x86_64, r-release-linux-x86_64, r-release-macos-arm64, r-oldrel-macos-arm64, r-oldrel-macos-x86_64

Version: 1.20.0
Check: Rd files
Result: NOTE
    checkRd: (-1) twinSIR.Rd:154: Escaped LaTeX specials: \_
    checkRd: (-1) twinSIR.Rd:159: Escaped LaTeX specials: \_
    checkRd: (-1) twinSIR.Rd:174: Escaped LaTeX specials: \_
Flavors: r-devel-linux-x86_64-debian-clang, r-devel-linux-x86_64-debian-gcc, r-devel-linux-x86_64-fedora-clang, r-devel-linux-x86_64-fedora-gcc

Version: 1.20.0
Check: installed package size
Result: NOTE
     installed size is 7.9Mb
     sub-directories of 1Mb or more:
     R 1.7Mb
     doc 2.4Mb
     libs 1.3Mb
Flavors: r-devel-linux-x86_64-fedora-clang, r-release-macos-arm64, r-release-macos-x86_64, r-oldrel-macos-arm64, r-oldrel-macos-x86_64

Version: 1.20.0
Flags: --no-vignettes
Check: package dependencies
Result: NOTE
    Package suggested but not available for checking: 'INLA'
Flavors: r-devel-windows-x86_64, r-release-windows-x86_64

Version: 1.20.0
Flags: --no-vignettes
Check: installed package size
Result: NOTE
     installed size is 7.6Mb
     sub-directories of 1Mb or more:
     R 1.7Mb
     doc 2.3Mb
     libs 1.1Mb
Flavors: r-devel-windows-x86_64, r-release-windows-x86_64, r-oldrel-windows-ix86+x86_64

Version: 1.20.0
Flags: --no-vignettes
Check: Rd files
Result: NOTE
    checkRd: (-1) twinSIR.Rd:154: Escaped LaTeX specials: \_
    checkRd: (-1) twinSIR.Rd:159: Escaped LaTeX specials: \_
    checkRd: (-1) twinSIR.Rd:174: Escaped LaTeX specials: \_
Flavor: r-devel-windows-x86_64

Version: 1.20.0
Check: package dependencies
Result: NOTE
    Packages suggested but not available for checking: 'INLA', 'runjags'
Flavor: r-release-macos-x86_64

Version: 1.20.0
Check: Rd cross-references
Result: NOTE
    Package unavailable to check Rd xrefs: ‘runjags’
Flavor: r-release-macos-x86_64